000
CDUS44 KEWX 270730
CLIDRT


CLIMATE REPORT
NATIONAL WEATHER SERVICE AUSTIN/SAN ANTONIO, TX
226 AM CDT MON APR 27 2015


...................................

...THE DEL RIO CLIMATE SUMMARY FOR APRIL 26 2015...

CLIMATE NORMAL PERIOD 1981 TO 2010
CLIMATE RECORD PERIOD 1906 TO 2015


WEATHER ITEM   OBSERVED TIME   RECORD YEAR NORMAL DEPARTURE LAST
                VALUE   (LST)  VALUE       VALUE  FROM      YEAR
                                                  NORMAL
..................................................................
TEMPERATURE (F)
 YESTERDAY
  MAXIMUM         96    353 PM 104    2011  86     10       90
  MINIMUM         67   1151 PM  47    1913  63      4       73
  AVERAGE         82                        74      8       82

PRECIPITATION (IN)
  YESTERDAY        0.00          1.55 1965   0.06  -0.06     0.00
  MONTH TO DATE    1.71                      1.37   0.34     0.08
  SINCE MAR 1      3.92                      2.51   1.41     0.40
  SINCE JAN 1      4.91                      4.11   0.80     0.62

SNOWFALL (IN)
  YESTERDAY        0.0
  MONTH TO DATE    0.0
  SINCE MAR 1      0.0
  SINCE JUL 1      0.0

DEGREE DAYS
 HEATING
  YESTERDAY        0                         0      0        0
  MONTH TO DATE    2                        24    -22       14
  SINCE MAR 1    140                       138      2      148
  SINCE JUL 1   1467                      1374     93     1555

 COOLING
  YESTERDAY       17                         9      8       17
  MONTH TO DATE  210                       182     28      239
  SINCE MAR 1    281                       269     12      323
  SINCE JAN 1    296                       288      8      368
..................................................................


WIND (MPH)
  HIGHEST WIND SPEED    28   HIGHEST WIND DIRECTION     N (360)
  HIGHEST GUST SPEED    42   HIGHEST GUST DIRECTION     N (350)
  AVERAGE WIND SPEED    11.3


SKY COVER
  AVERAGE SKY COVER 0.3


WEATHER CONDITIONS
 THE FOLLOWING WEATHER WAS RECORDED YESTERDAY.
  FOG
  HAZE


RELATIVE HUMIDITY (PERCENT)
 HIGHEST    90           500 AM
 LOWEST     17           500 PM
 AVERAGE    54

..........................................................


THE DEL RIO CLIMATE NORMALS FOR TODAY
                         NORMAL    RECORD    YEAR
 MAXIMUM TEMPERATURE (F)   86        98      2014
                                             2002
                                             1964
 MINIMUM TEMPERATURE (F)   63        43      1908


SUNRISE AND SUNSET
APRIL 27 2015.........SUNRISE   706 AM CDT   SUNSET   817 PM CDT
APRIL 28 2015.........SUNRISE   705 AM CDT   SUNSET   818 PM CDT


-  INDICATES NEGATIVE NUMBERS.
R  INDICATES RECORD WAS SET OR TIED.
MM INDICATES DATA IS MISSING.
T  INDICATES TRACE AMOUNT.




$$
