000
CDUS46 KOTX 060830
CLIEAT


CLIMATE REPORT
NATIONAL WEATHER SERVICE SPOKANE, WA
130 AM PDT WED MAY 6 2015


...................................

...THE WENATCHEE WA PANGBORN FIELD CLIMATE SUMMARY FOR MAY 5 2015...

CLIMATE NORMAL PERIOD 1981 TO 2010
CLIMATE RECORD PERIOD 1959 TO 2015


WEATHER ITEM   OBSERVED TIME   RECORD YEAR NORMAL DEPARTURE LAST
                VALUE   (LST)  VALUE       VALUE  FROM      YEAR
                                                  NORMAL
..................................................................
TEMPERATURE (F)
 YESTERDAY
  MAXIMUM         67    144 PM  91    1966  68     -1       70
  MINIMUM         46    332 AM  32    1968  45      1       50
  AVERAGE         57                        56      1       60

PRECIPITATION (IN)
  YESTERDAY        0.00          0.08 1979   0.02  -0.02      T
  MONTH TO DATE    0.00                      0.07  -0.07     0.01
  SINCE OCT 1      5.66                      5.99  -0.33     2.70
  SINCE JAN 1      2.48                      3.04  -0.56     2.14

SNOWFALL (IN)
  YESTERDAY       MM

DEGREE DAYS
 HEATING
  YESTERDAY        8                         9     -1        5
  MONTH TO DATE   18                        48    -30       16
  SINCE MAR 1    813                      1100   -287      990
  SINCE JUL 1   4442                      5564  -1122     5560

 COOLING
  YESTERDAY        0                         1     -1        0
  MONTH TO DATE    2                         1      1        6
  SINCE MAR 1      2                        39    -37        6
  SINCE JAN 1      2                        39    -37        6
..................................................................


WIND (MPH)
  HIGHEST WIND SPEED    30   HIGHEST WIND DIRECTION     W (260)
  HIGHEST GUST SPEED    40   HIGHEST GUST DIRECTION     W (250)
  AVERAGE WIND SPEED    13.4


SKY COVER
  POSSIBLE SUNSHINE  MM
  AVERAGE SKY COVER 0.1


WEATHER CONDITIONS
 THE FOLLOWING WEATHER WAS RECORDED YESTERDAY.
  NO SIGNIFICANT WEATHER WAS OBSERVED.


RELATIVE HUMIDITY (PERCENT)
 HIGHEST    56           200 AM
 LOWEST     19          1200 PM
 AVERAGE    38

..........................................................


THE WENATCHEE WA PANGBORN FIELD CLIMATE NORMALS FOR TODAY
                         NORMAL    RECORD    YEAR
 MAXIMUM TEMPERATURE (F)   68        93      1992
 MINIMUM TEMPERATURE (F)   46        33      2002


SUNRISE AND SUNSET
MAY  6 2015...........SUNRISE   537 AM PDT   SUNSET   819 PM PDT
MAY  7 2015...........SUNRISE   535 AM PDT   SUNSET   820 PM PDT


-  INDICATES NEGATIVE NUMBERS.
R  INDICATES RECORD WAS SET OR TIED.
MM INDICATES DATA IS MISSING.
T  INDICATES TRACE AMOUNT.




$$
