000
CDUS43 KMPX 250635
CLIEAU


CLIMATE REPORT
NATIONAL WEATHER SERVICE CHANHASSEN MN
134 AM CDT SAT APR 25 2015


...................................

...THE EAU CLAIRE WI CLIMATE SUMMARY FOR APRIL 24 2015...

CLIMATE NORMAL PERIOD 1981 TO 2010
CLIMATE RECORD PERIOD 1893 TO 2015


WEATHER ITEM   OBSERVED TIME   RECORD YEAR NORMAL DEPARTURE LAST
                VALUE   (LST)  VALUE       VALUE  FROM      YEAR
                                                  NORMAL
..................................................................
TEMPERATURE (F)
 YESTERDAY
  MAXIMUM         58   1218 PM  88    2009  62     -4       44
  MINIMUM         25    530 AM  15    1956  38    -13       38
  AVERAGE         42                        50     -8       41

PRECIPITATION (IN)
  YESTERDAY        0.00          1.10 1994   0.10  -0.10     0.90
  MONTH TO DATE    2.76                      2.10   0.66     3.79
  SINCE MAR 1      3.47                      3.83  -0.36     4.52
  SINCE JAN 1      4.06                      5.53  -1.47     7.72

SNOWFALL (IN)
  YESTERDAY        0.0           9.5  1893   0.0    0.0      0.0
  MONTH TO DATE    1.4                       1.7   -0.3      9.1
  SINCE MAR 1      7.3                      10.3   -3.0     13.1
  SINCE JUL 1     38.1                      46.6   -8.5     74.8
  SNOW DEPTH       0

DEGREE DAYS
 HEATING
  YESTERDAY       23                        15      8       24
  MONTH TO DATE  437                       493    -56      575
  SINCE MAR 1   1427                      1537   -110     1859
  SINCE JUL 1   7780                      7558    222     8751

 COOLING
  YESTERDAY        0                         0      0        0
  MONTH TO DATE    0                         0      0        0
  SINCE MAR 1      0                         0      0        0
  SINCE JAN 1      0                         0      0        0
..................................................................


WIND (MPH)
  HIGHEST WIND SPEED    21   HIGHEST WIND DIRECTION     S (160)
  HIGHEST GUST SPEED    25   HIGHEST GUST DIRECTION    SE (130)
  AVERAGE WIND SPEED     8.4


SKY COVER
  POSSIBLE SUNSHINE  MM
  AVERAGE SKY COVER 0.7


WEATHER CONDITIONS
 THE FOLLOWING WEATHER WAS RECORDED YESTERDAY.
  NO SIGNIFICANT WEATHER WAS OBSERVED.


RELATIVE HUMIDITY (PERCENT)
 HIGHEST    85           300 AM
 LOWEST     23          1200 PM
 AVERAGE    54

..........................................................


THE EAU CLAIRE WI CLIMATE NORMALS FOR TODAY
                         NORMAL    RECORD    YEAR
 MAXIMUM TEMPERATURE (F)   63        87      1962
 MINIMUM TEMPERATURE (F)   38        22      1919


SUNRISE AND SUNSET
APRIL 25 2015.........SUNRISE   605 AM CDT   SUNSET   803 PM CDT
APRIL 26 2015.........SUNRISE   604 AM CDT   SUNSET   805 PM CDT


-  INDICATES NEGATIVE NUMBERS.
R  INDICATES RECORD WAS SET OR TIED.
MM INDICATES DATA IS MISSING.
T  INDICATES TRACE AMOUNT.




$$
