000
CDUS41 KRLX 270719
CLIEKN


CLIMATE REPORT
NATIONAL WEATHER SERVICE CHARLESTON WV
318 AM EDT MON APR 27 2015


...................................

...THE ELKINS WV CLIMATE SUMMARY FOR APRIL 26 2015...

CLIMATE NORMAL PERIOD 1981 TO 2010
CLIMATE RECORD PERIOD 1899 TO 2015


WEATHER ITEM   OBSERVED TIME   RECORD YEAR NORMAL DEPARTURE LAST
                VALUE   (LST)  VALUE       VALUE  FROM      YEAR
                                                  NORMAL
..................................................................
TEMPERATURE (F)
 YESTERDAY
  MAXIMUM         60    302 PM  88    1915  66     -6       69
  MINIMUM         40   1201 AM  22    1972  39      1       35
  AVERAGE         50                        53     -3       52

PRECIPITATION (IN)
  YESTERDAY        0.01          1.19 1906   0.13  -0.12      T
  MONTH TO DATE    6.72                      3.28   3.44     1.11
  SINCE JAN 1     19.81                     13.57   6.24    10.56

SNOWFALL (IN)
  YESTERDAY        0.0
  MONTH TO DATE    0.0
  SINCE SEP 1     70.3
  SNOW DEPTH       0

DEGREE DAYS
 HEATING
  YESTERDAY       15                        12      3       13
  MONTH TO DATE  329                       416    -87      355
  SINCE MAR 1   1130                      1196    -66     1252
  SINCE JUL 1   5761                      5517    244     5775

 COOLING
  YESTERDAY        0                         0      0        0
  MONTH TO DATE    3                         0      3        2
  SINCE MAR 1      3                         0      3        2
  SINCE JAN 1      3                         0      3        2
..................................................................


WIND (MPH)
  HIGHEST WIND SPEED    15   HIGHEST WIND DIRECTION     N (350)
  HIGHEST GUST SPEED    30   HIGHEST GUST DIRECTION    NW (330)
  AVERAGE WIND SPEED     4.3


SKY COVER
  POSSIBLE SUNSHINE  MM
  AVERAGE SKY COVER 0.5


WEATHER CONDITIONS
 THE FOLLOWING WEATHER WAS RECORDED YESTERDAY.
  LIGHT RAIN


RELATIVE HUMIDITY (PERCENT)
 HIGHEST    92          1200 AM
 LOWEST     30           500 PM
 AVERAGE    61

..........................................................


THE ELKINS WV CLIMATE NORMALS FOR TODAY
                         NORMAL    RECORD    YEAR
 MAXIMUM TEMPERATURE (F)   66        88      2009
 MINIMUM TEMPERATURE (F)   40        18      1971


SUNRISE AND SUNSET
APRIL 27 2015.........SUNRISE   627 AM EDT   SUNSET   808 PM EDT
APRIL 28 2015.........SUNRISE   626 AM EDT   SUNSET   809 PM EDT


-  INDICATES NEGATIVE NUMBERS.
R  INDICATES RECORD WAS SET OR TIED.
MM INDICATES DATA IS MISSING.
T  INDICATES TRACE AMOUNT.




$$
