000
CDUS43 KTOP 060632
CLIEMP


CLIMATE REPORT
NATIONAL WEATHER SERVICE TOPEKA KS
131 AM CDT WED MAY 6 2015


...................................

...THE EMPORIA KS CLIMATE SUMMARY FOR MAY 5 2015...

CLIMATE NORMAL PERIOD 1981 TO 2010
CLIMATE RECORD PERIOD 9999 TO 9999


WEATHER ITEM   OBSERVED NORMAL DEPARTURE LAST
                VALUE   VALUE  FROM      YEAR
                               NORMAL
...............................................
TEMPERATURE (F)
 YESTERDAY
  MAXIMUM         79     73      6       90
  MINIMUM         58     51      7       57
  AVERAGE         69     62      7       74

PRECIPITATION (IN)
  YESTERDAY        0.22   0.16   0.06     0.00
  MONTH TO DATE    0.22   0.85  -0.63     0.00
  SINCE MAR 1      5.11   6.76  -1.65     2.06
  SINCE JAN 1      6.51   8.62  -2.11     2.55

DEGREE DAYS
 HEATING
  YESTERDAY        0      4     -4        0
  MONTH TO DATE    5     23    -18       30
  SINCE MAR 1    765    930   -165     1086
  SINCE JUL 1   4766   4752     14     5411

 COOLING
  YESTERDAY        4      1      3        9
  MONTH TO DATE   20      5     15       19
  SINCE MAR 1     26     28     -2       37
  SINCE JAN 1     26     28     -2       37
...............................................


WIND (MPH)
  HIGHEST WIND SPEED    26   HIGHEST WIND DIRECTION    SE (140)
  HIGHEST GUST SPEED    33   HIGHEST GUST DIRECTION    SE (140)
  AVERAGE WIND SPEED    13.1


SKY COVER
  AVERAGE SKY COVER 0.5


WEATHER CONDITIONS
 THE FOLLOWING WEATHER WAS RECORDED YESTERDAY.
  LIGHT RAIN
  FOG


RELATIVE HUMIDITY (PERCENT)
 HIGHEST    93
 LOWEST     45
 AVERAGE    69

..........................................................


THE EMPORIA KS CLIMATE NORMALS FOR TODAY
                         NORMAL
 MAXIMUM TEMPERATURE (F)   74
 MINIMUM TEMPERATURE (F)   52


SUNRISE AND SUNSET
MAY  6 2015...........SUNRISE   623 AM CDT   SUNSET   821 PM CDT
MAY  7 2015...........SUNRISE   622 AM CDT   SUNSET   822 PM CDT


-  INDICATES NEGATIVE NUMBERS.
R  INDICATES RECORD WAS SET OR TIED.
MM INDICATES DATA IS MISSING.
T  INDICATES TRACE AMOUNT.




$$
