000
CDUS43 KPAH 180631
CLIEVV


CLIMATE REPORT
NATIONAL WEATHER SERVICE PADUCAH KY
128 AM CDT SAT APR 18 2015


...................................

...THE EVANSVILLE IN CLIMATE SUMMARY FOR APRIL 17 2015...

CLIMATE NORMAL PERIOD 1981 TO 2010
CLIMATE RECORD PERIOD 1896 TO 2015


WEATHER ITEM   OBSERVED TIME   RECORD YEAR NORMAL DEPARTURE LAST
                VALUE   (LST)  VALUE       VALUE  FROM      YEAR
                                                  NORMAL
..................................................................
TEMPERATURE (F)
 YESTERDAY
  MAXIMUM         77    429 PM  88    1977  68      9       68
  MINIMUM         60   1159 PM  28    1951  45     15       38
  AVERAGE         69                        57     12       53

PRECIPITATION (IN)
  YESTERDAY        0.00          1.67 1940   0.15  -0.15     0.00
  MONTH TO DATE    4.25                      2.32   1.93     8.03
  SINCE MAR 1     11.10                      6.56   4.54    10.88
  SINCE JAN 1     16.63                     12.83   3.80    14.83

SNOWFALL (IN)
  YESTERDAY        0.0           0.4  1983   0.0    0.0      0.0
  MONTH TO DATE    0.0                       0.1   -0.1      0.0
  SINCE MAR 1      8.5                       1.1    7.4      2.6
  SINCE JUL 1     18.5                      11.8    6.7     12.6
  SNOW DEPTH       0

DEGREE DAYS
 HEATING
  YESTERDAY        0                         9     -9       12
  MONTH TO DATE   82                       196   -114      173
  SINCE MAR 1    701                       788    -87      886
  SINCE JUL 1   4537                      4362    175     4848

 COOLING
  YESTERDAY        4                         1      3        0
  MONTH TO DATE   25                         9     16        5
  SINCE MAR 1     25                        12     13        5
  SINCE JAN 1     25                        12     13        5
..................................................................


WIND (MPH)
  HIGHEST WIND SPEED     8   HIGHEST WIND DIRECTION    SE (140)
  HIGHEST GUST SPEED    10   HIGHEST GUST DIRECTION    SE (140)
  AVERAGE WIND SPEED     2.2


SKY COVER
  AVERAGE SKY COVER 0.4


WEATHER CONDITIONS
 THE FOLLOWING WEATHER WAS RECORDED YESTERDAY.
  FOG
  HAZE


RELATIVE HUMIDITY (PERCENT)
 HIGHEST    93
 LOWEST     50
 AVERAGE    72

..........................................................


THE EVANSVILLE IN CLIMATE NORMALS FOR TODAY
                         NORMAL    RECORD    YEAR
 MAXIMUM TEMPERATURE (F)   69        87      1971
 MINIMUM TEMPERATURE (F)   45        26      2001


SUNRISE AND SUNSET
APRIL 18 2015.........SUNRISE   611 AM CDT   SUNSET   729 PM CDT
APRIL 19 2015.........SUNRISE   610 AM CDT   SUNSET   730 PM CDT


-  INDICATES NEGATIVE NUMBERS.
R  INDICATES RECORD WAS SET OR TIED.
MM INDICATES DATA IS MISSING.
T  INDICATES TRACE AMOUNT.




$$
