000
CDUS45 KSLC 051218
CLIEVW


CLIMATE REPORT
NATIONAL WEATHER SERVICE SALT LAKE CITY UT
618 AM MDT TUE MAY 5 2015


...................................

...THE EVANSTON WY CLIMATE SUMMARY FOR MAY 4 2015...

CLIMATE NORMAL PERIOD 1981 TO 2010
CLIMATE RECORD PERIOD 9999 TO 9999


WEATHER ITEM   OBSERVED TIME   RECORD YEAR NORMAL DEPARTURE LAST
                VALUE   (LST)  VALUE       VALUE  FROM      YEAR
                                                  NORMAL
..................................................................
TEMPERATURE (F)
 YESTERDAY
  MAXIMUM         62   1208 PM  MM      MM  57      5       68
  MINIMUM         41    534 AM  MM      MM  34      7       46
  AVERAGE         52                        45      7       57

PRECIPITATION (IN)
  YESTERDAY        0.04         MM      MM   0.06  -0.02     0.00
  MONTH TO DATE    0.21                      0.23  -0.02     0.00
  SINCE OCT 1      3.11                      6.18  -3.07     1.53
  SINCE JAN 1      2.23                      3.39  -1.16     0.33

DEGREE DAYS
 HEATING
  YESTERDAY       13                        20     -7        8
  MONTH TO DATE   41                        82    -41       46
  SINCE MAR 1   1494                      1911   -417     1735
  SINCE JUL 1   6466                      7919  -1453     7385

 COOLING
  YESTERDAY        0                         0      0        0
  MONTH TO DATE    0                         0      0        0
  SINCE MAR 1      0                         0      0        0
  SINCE JAN 1      0                         0      0        0
..................................................................


WIND (MPH)
  RESULTANT WIND SPEED   5   RESULTANT WIND DIRECTION   E (80)
  HIGHEST WIND SPEED    17   HIGHEST WIND DIRECTION     E (100)
  HIGHEST GUST SPEED    22   HIGHEST GUST DIRECTION     E (110)
  AVERAGE WIND SPEED     7.4


SKY COVER
  POSSIBLE SUNSHINE  MM
  AVERAGE SKY COVER 0.4


WEATHER CONDITIONS
 THE FOLLOWING WEATHER WAS RECORDED YESTERDAY.
  THUNDERSTORM
  LIGHT RAIN


RELATIVE HUMIDITY (PERCENT)
 HIGHEST    82           300 AM
 LOWEST     39          1200 PM
 AVERAGE    61

..........................................................


THE EVANSTON WY CLIMATE NORMALS FOR TODAY
                         NORMAL    RECORD    YEAR
 MAXIMUM TEMPERATURE (F)   57        MM        MM
 MINIMUM TEMPERATURE (F)   34        MM        MM


SUNRISE AND SUNSET
MAY  5 2015...........SUNRISE   617 AM MDT   SUNSET   825 PM MDT
MAY  6 2015...........SUNRISE   616 AM MDT   SUNSET   827 PM MDT


-  INDICATES NEGATIVE NUMBERS.
R  INDICATES RECORD WAS SET OR TIED.
MM INDICATES DATA IS MISSING.
T  INDICATES TRACE AMOUNT.




$$
