000
CDUS42 KKEY 262037
CLIEYW

CLIMATE REPORT
NATIONAL WEATHER SERVICE KEY WEST, FL
434 PM EDT SUN APR 26 2015


...................................

...THE KEY WEST CLIMATE SUMMARY FOR APRIL 26 2015...
VALID TODAY AS OF 0400 PM LOCAL TIME.

CLIMATE NORMAL PERIOD 1981 TO 2010
CLIMATE RECORD PERIOD 1871 TO 2015


WEATHER ITEM   OBSERVED TIME   RECORD YEAR NORMAL DEPARTURE LAST
                VALUE   (LST)  VALUE       VALUE  FROM      YEAR
                                                  NORMAL
..................................................................
TEMPERATURE (F)
 TODAY
  MAXIMUM         88    109 PM  90    1991  83      5       85
                                      1955
                                      1881
  MINIMUM         81    330 AM  64    1983  73      8       74
                                      1937
                                      1888
  AVERAGE         85                        78      7       80

PRECIPITATION (IN)
  TODAY            0.00          2.79 1948   0.06  -0.06     0.00
  MONTH TO DATE    0.98                      1.84  -0.86     0.56
  SINCE MAR 1      2.46                      3.89  -1.43     4.34
  SINCE JAN 1      5.69                      7.42  -1.73    11.94

SNOWFALL (IN)
  TODAY            0.0
  MONTH TO DATE    0.0
  SINCE MAR 1      0.0
  SINCE JUL 1      0.0
  SNOW DEPTH       0

DEGREE DAYS
 HEATING
  TODAY            0                         0      0        0
  MONTH TO DATE    0                         0      0        0
  SINCE MAR 1      0                         7     -7        0
  SINCE JUL 1     27                        73    -46       22

 COOLING
  TODAY           20                        13      7       15
  MONTH TO DATE  410                       291    119      321
  SINCE MAR 1    782                       553    229      598
  SINCE JAN 1   1140                       901    239     1024
..................................................................


WIND (MPH)
  HIGHEST WIND SPEED    15   HIGHEST WIND DIRECTION    SW (240)
  HIGHEST GUST SPEED    18   HIGHEST GUST DIRECTION     S (200)
  AVERAGE WIND SPEED    10.6


SKY COVER
  POSSIBLE SUNSHINE  MM
  AVERAGE SKY COVER 0.1


WEATHER CONDITIONS
 THE FOLLOWING WEATHER WAS RECORDED TODAY.
  NO SIGNIFICANT WEATHER WAS OBSERVED.


RELATIVE HUMIDITY (PERCENT)
 HIGHEST    88
 LOWEST     63
 AVERAGE    76

..........................................................


THE KEY WEST CLIMATE NORMALS FOR TOMORROW
                         NORMAL    RECORD    YEAR
 MAXIMUM TEMPERATURE (F)   83        91      1881
 MINIMUM TEMPERATURE (F)   73        63      1937


SUNRISE AND SUNSET
APRIL 26 2015.........SUNRISE   656 AM EDT   SUNSET   754 PM EDT
APRIL 27 2015.........SUNRISE   655 AM EDT   SUNSET   755 PM EDT


-  INDICATES NEGATIVE NUMBERS.
R  INDICATES RECORD WAS SET OR TIED.
MM INDICATES DATA IS MISSING.
T  INDICATES TRACE AMOUNT.


$$
