000
CDUS42 KRAH 270734
CLIFAY


CLIMATE REPORT
NATIONAL WEATHER SERVICE RALEIGH NC
332 AM EDT MON APR 27 2015


...................................

...THE FAYETTEVILLE REGL AIRPORT NC CLIMATE SUMMARY FOR APRIL 26 2015...

CLIMATE NORMAL PERIOD 1981 TO 2010
CLIMATE RECORD PERIOD 1910 TO 2015


WEATHER ITEM   OBSERVED TIME   RECORD YEAR NORMAL DEPARTURE LAST
                VALUE   (LST)  VALUE       VALUE  FROM      YEAR
                                                  NORMAL
..................................................................
TEMPERATURE (F)
 YESTERDAY
  MAXIMUM         58   1254 AM  93    1960  78    -20       83
  MINIMUM         49    842 AM  32    1919  53     -4       60
  AVERAGE         54                        65    -11       72

PRECIPITATION (IN)
  YESTERDAY        0.09          2.63 1978   0.07   0.02     0.00
  MONTH TO DATE    2.55                      2.57  -0.02     2.58
  SINCE MAR 1      5.25                      6.12  -0.87     6.22
  SINCE JAN 1     12.90                     12.18   0.72    12.94

DEGREE DAYS
 HEATING
  YESTERDAY       11                         3      8        0
  MONTH TO DATE   73                       128    -55      107
  SINCE MAR 1    414                       472    -58      604
  SINCE JUL 1   2910                      2697    213     2929

 COOLING
  YESTERDAY        0                         3     -3        7
  MONTH TO DATE   75                        53     22       46
  SINCE MAR 1     92                        65     27       47
  SINCE JAN 1     92                        69     23       50
..................................................................


WIND (MPH)
  HIGHEST WIND SPEED    16   HIGHEST WIND DIRECTION    NE (30)
  HIGHEST GUST SPEED    20   HIGHEST GUST DIRECTION     N (10)
  AVERAGE WIND SPEED     8.9


SKY COVER
  POSSIBLE SUNSHINE  MM
  AVERAGE SKY COVER 1.0


WEATHER CONDITIONS
 THE FOLLOWING WEATHER WAS RECORDED YESTERDAY.
  LIGHT RAIN
  FOG
  FOG W/VISIBILITY <= 1/4 MILE


RELATIVE HUMIDITY (PERCENT)
 HIGHEST   100           100 AM
 LOWEST     77           600 PM
 AVERAGE    89

..........................................................


THE FAYETTEVILLE REGL AIRPORT NC CLIMATE NORMALS FOR TODAY
                         NORMAL    RECORD    YEAR
 MAXIMUM TEMPERATURE (F)   78        93      1990
 MINIMUM TEMPERATURE (F)   53        35      1972


SUNRISE AND SUNSET
APRIL 27 2015.........SUNRISE   629 AM EDT   SUNSET   758 PM EDT
APRIL 28 2015.........SUNRISE   628 AM EDT   SUNSET   758 PM EDT


-  INDICATES NEGATIVE NUMBERS.
R  INDICATES RECORD WAS SET OR TIED.
MM INDICATES DATA IS MISSING.
T  INDICATES TRACE AMOUNT.




$$
