000
CDUS45 KFGZ 280756
CLIFLG
CLIMATE REPORT
NATIONAL WEATHER SERVICE FLAGSTAFF, AZ
1255 AM MST TUE APR 28 2015


...................................

...THE FLAGSTAFF AZ AIRPORT CLIMATE SUMMARY FOR APRIL 27 2015...

CLIMATE NORMAL PERIOD 1981 TO 2010
CLIMATE RECORD PERIOD 1898 TO 2015


WEATHER ITEM   OBSERVED TIME   RECORD YEAR NORMAL DEPARTURE LAST
                VALUE   (LST)  VALUE       VALUE  FROM      YEAR
                                                  NORMAL
..................................................................
TEMPERATURE (F)
 YESTERDAY
  MAXIMUM         59    421 PM  77    2000  62     -3       53
                                      1996
                                      1992
  MINIMUM         27    510 AM  10    1984  31     -4       24
  AVERAGE         43                        46     -3

PRECIPITATION (IN)
  YESTERDAY        0.00          0.69 1994   0.03  -0.03     0.00
  MONTH TO DATE    1.09                      1.06   0.03     1.25
  SINCE SEP 1     16.96                     15.06   1.90    10.20
  SINCE JAN 1      9.13                      7.39   1.74     3.09

SNOWFALL (IN)
  YESTERDAY        0.0           8.7  1994   0.2             0.0
  MONTH TO DATE    0.8                       6.6             9.1
  SINCE JUL 1     57.0                     100.5            44.0
  SNOW DEPTH       0

DEGREE DAYS
 HEATING
  YESTERDAY       22                        19      3       26
  MONTH TO DATE  600                       596      4      573
  SINCE JUL 1   5358                      6303   -945     5935

 COOLING
  YESTERDAY        0                         0      0        0
  MONTH TO DATE    0                         0      0        0
  SINCE JAN 1      0                         0      0        0
..................................................................


WIND (MPH)
  HIGHEST WIND SPEED    25   HIGHEST WIND DIRECTION    NE (60)
  HIGHEST GUST SPEED    33   HIGHEST GUST DIRECTION    NE (60)
  AVERAGE WIND SPEED     8.7


SKY COVER
  POSSIBLE SUNSHINE  MM
  AVERAGE SKY COVER 0.1


WEATHER CONDITIONS
 THE FOLLOWING WEATHER WAS RECORDED YESTERDAY.
  NO SIGNIFICANT WEATHER WAS OBSERVED.


RELATIVE HUMIDITY (PERCENT)
 HIGHEST    92           400 AM
 LOWEST     36           400 PM
 AVERAGE    64

..........................................................


THE FLAGSTAFF AZ AIRPORT CLIMATE NORMALS FOR TODAY
                         NORMAL    RECORD    YEAR
 MAXIMUM TEMPERATURE (F)   62        80      1992
 MINIMUM TEMPERATURE (F)   31        13      1970


SUNRISE AND SUNSET
APRIL 28 2015.........SUNRISE   539 AM MST   SUNSET   710 PM MST
APRIL 29 2015.........SUNRISE   538 AM MST   SUNSET   711 PM MST


-  INDICATES NEGATIVE NUMBERS.
R  INDICATES RECORD WAS SET OR TIED.
MM INDICATES DATA IS MISSING.
T  INDICATES TRACE AMOUNT.




$$


&&

-------------------------------------------------------------------
SNOW DEPTH DATA FOR FLAGSTAFF AIRPORT IS REPORTED AT 5 AM MST


-------------------------------------------------------------------
SUPPLEMENTARY CLIMATE DATA FOR NWS BELLEMONT, ARIZONA

SNOW DEPTH (IN) AT 11 AM........................................ 0
WATER EQUIVALENT OF SNOW PACK (IN) AT 11 AM*.....................
* ONLY MEASURED IF SNOW DEPTH IS 2.0 INCHES OR GREATER
-------------------------------------------------------------------
