000
CDUS42 KMFL 180838
CLIFLL


CLIMATE REPORT
NATIONAL WEATHER SERVICE MIAMI, FL
438 AM EDT SAT APR 18 2015


...................................

...THE FORT LAUDERDALE CLIMATE SUMMARY FOR APRIL 17 2015...

CLIMATE NORMAL PERIOD 1981 TO 2010
CLIMATE RECORD PERIOD 1839 TO 2015


WEATHER ITEM   OBSERVED TIME   RECORD YEAR NORMAL DEPARTURE LAST
                VALUE   (LST)  VALUE       VALUE  FROM      YEAR
                                                  NORMAL
..................................................................
TEMPERATURE (F)
 YESTERDAY
  MAXIMUM         88    134 PM  94    1965  83      5       82
  MINIMUM         76    344 AM  47    1952  70      6       73
  AVERAGE         82                        76      6       78

PRECIPITATION (IN)
  YESTERDAY        T             4.19 1934   0.09  -0.09     0.72
  MONTH TO DATE    0.31                      1.77  -1.46     3.96
  SINCE NOV 1     13.38                     17.42  -4.04    24.25
  SINCE JAN 1      8.27                     11.72  -3.45    12.13

SNOWFALL (IN)
  YESTERDAY        0.0
  MONTH TO DATE    0.0
  SINCE MAR 1      0.0
  SINCE JUL 1      0.0
  SNOW DEPTH       0

DEGREE DAYS
 HEATING
  YESTERDAY        0                         0      0        0
  MONTH TO DATE    0                         0      0        0
  SINCE MAR 1      0                         9     -9        1
  SINCE JUL 1     97                       111    -14       81

 COOLING
  YESTERDAY       17                        11      6       13
  MONTH TO DATE  242                       178     64      211
  SINCE MAR 1    574                       432    142      483
  SINCE JAN 1    855                       788     67      871
..................................................................


WIND (MPH)
  HIGHEST WIND SPEED    21   HIGHEST WIND DIRECTION    SE (140)
  HIGHEST GUST SPEED    25   HIGHEST GUST DIRECTION    SE (130)
  AVERAGE WIND SPEED     7.0


SKY COVER
  AVERAGE SKY COVER 0.5


WEATHER CONDITIONS
 THE FOLLOWING WEATHER WAS RECORDED YESTERDAY.
  HAZE


RELATIVE HUMIDITY (PERCENT)
 HIGHEST    85
 LOWEST     55
 AVERAGE    70

..........................................................


THE FORT LAUDERDALE CLIMATE NORMALS FOR TODAY
                         NORMAL    RECORD    YEAR
 MAXIMUM TEMPERATURE (F)   83        90      2006
                                             1922
                                             1839
 MINIMUM TEMPERATURE (F)   70        50      1983


SUNRISE AND SUNSET
APRIL 18 2015.........SUNRISE   655 AM EDT   SUNSET   745 PM EDT
APRIL 19 2015.........SUNRISE   654 AM EDT   SUNSET   746 PM EDT


-  INDICATES NEGATIVE NUMBERS.
R  INDICATES RECORD WAS SET OR TIED.
MM INDICATES DATA IS MISSING.
T  INDICATES TRACE AMOUNT.




$$
