000
CDUS42 KILM 242044
CLIFLO


CLIMATE REPORT
NATIONAL WEATHER SERVICE WILMINGTON NC
443 PM EDT FRI APR 24 2015


...................................

...THE FLORENCE SC CLIMATE SUMMARY FOR APRIL 24 2015...
VALID TODAY AS OF 0400 PM LOCAL TIME.

CLIMATE NORMAL PERIOD 1981 TO 2010
CLIMATE RECORD PERIOD 1948 TO 2015


WEATHER ITEM   OBSERVED TIME   RECORD YEAR NORMAL DEPARTURE LAST
                VALUE   (LST)  VALUE       VALUE  FROM      YEAR
                                                  NORMAL
..................................................................
TEMPERATURE (F)
 TODAY
  MAXIMUM         72    257 PM  92    2006  78     -6       77
                                      1976
  MINIMUM         46    532 AM  35    1982  53     -7       48
  AVERAGE         59                        65     -6       63

PRECIPITATION (IN)
  TODAY            0.00          0.41 1995   0.09  -0.09     0.00
  MONTH TO DATE    2.94                      2.10   0.84     3.82
  SINCE MAR 1      6.34                      5.43   0.91     8.37
  SINCE JAN 1     13.27                     11.58   1.69    14.09

SNOWFALL (IN)
  TODAY           MM
  MONTH TO DATE   MM
  SINCE MAR 1     MM
  SINCE JUL 1     MM
  SNOW DEPTH      MM

DEGREE DAYS
 HEATING
  TODAY            6                         3      3        2
  MONTH TO DATE   32                       110    -78       88
  SINCE MAR 1    284                       420   -136      531
  SINCE JUL 1   2522                      2486     36     2660

 COOLING
  TODAY            0                         3     -3        0
  MONTH TO DATE   90                        50     40       40
  SINCE MAR 1    114                        68     46       44
  SINCE JAN 1    117                        74     43       50
..................................................................


WIND (MPH)
  HIGHEST WIND SPEED    16   HIGHEST WIND DIRECTION     N (10)
  HIGHEST GUST SPEED    21   HIGHEST GUST DIRECTION     N (20)
  AVERAGE WIND SPEED     7.8


SKY COVER
  POSSIBLE SUNSHINE  MM
  AVERAGE SKY COVER 0.0


WEATHER CONDITIONS
 THE FOLLOWING WEATHER WAS RECORDED TODAY.
  NO SIGNIFICANT WEATHER WAS OBSERVED.


RELATIVE HUMIDITY (PERCENT)
 HIGHEST    58           500 AM
 LOWEST     20           300 PM
 AVERAGE    39

..........................................................


THE FLORENCE SC CLIMATE NORMALS FOR TOMORROW
                         NORMAL    RECORD    YEAR
 MAXIMUM TEMPERATURE (F)   78        92      1960
 MINIMUM TEMPERATURE (F)   53        39      2005


SUNRISE AND SUNSET
APRIL 24 2015.........SUNRISE   637 AM EDT   SUNSET   757 PM EDT
APRIL 25 2015.........SUNRISE   636 AM EDT   SUNSET   758 PM EDT


-  INDICATES NEGATIVE NUMBERS.
R  INDICATES RECORD WAS SET OR TIED.
MM INDICATES DATA IS MISSING.
T  INDICATES TRACE AMOUNT.




$$
