000
CDUS42 KTBW 190839
CLIFMY


CLIMATE REPORT
NATIONAL WEATHER SERVICE TAMPA BAY FL
434 AM EDT SUN APR 19 2015


...................................

...THE FORT MYERS CLIMATE SUMMARY FOR APRIL 18 2015...

CLIMATE NORMAL PERIOD 1981 TO 2010
CLIMATE RECORD PERIOD 1902 TO 2015


WEATHER ITEM   OBSERVED TIME   RECORD YEAR NORMAL DEPARTURE LAST
                VALUE   (LST)  VALUE       VALUE  FROM      YEAR
                                                  NORMAL
..................................................................
TEMPERATURE (F)
 YESTERDAY
  MAXIMUM         89    214 PM  95    1944  85      4       85
  MINIMUM         72    540 AM  49    1956  63      9       72
  AVERAGE         81                        74      7       79

PRECIPITATION (IN)
  YESTERDAY        0.00          1.75 1916   0.07  -0.07     0.00
  MONTH TO DATE    0.25                      1.35  -1.10     0.93
  SINCE MAR 1      1.74                      4.23  -2.49     4.12
  SINCE JAN 1      4.93                      8.32  -3.39     7.56

DEGREE DAYS
 HEATING
  YESTERDAY        0                         0      0        0
  MONTH TO DATE    0                         0      0        0
  SINCE MAR 1      0                        24    -24        9
  SINCE JUL 1    231                       284    -53      178

 COOLING
  YESTERDAY       16                         9      7       14
  MONTH TO DATE  234                       146     88      173
  SINCE MAR 1    539                       322    217      334
  SINCE JAN 1    687                       507    180      595
..................................................................


WIND (MPH)
  RESULTANT WIND SPEED   4   RESULTANT WIND DIRECTION  SW (220)
  HIGHEST WIND SPEED    16   HIGHEST WIND DIRECTION     W (260)
  HIGHEST GUST SPEED    23   HIGHEST GUST DIRECTION    SW (230)
  AVERAGE WIND SPEED     6.2


SKY COVER
  POSSIBLE SUNSHINE  MM
  AVERAGE SKY COVER 0.2


WEATHER CONDITIONS
 THE FOLLOWING WEATHER WAS RECORDED YESTERDAY.
  NO SIGNIFICANT WEATHER WAS OBSERVED.


RELATIVE HUMIDITY (PERCENT)
 HIGHEST   100           300 AM
 LOWEST     51           600 PM

..........................................................


THE FORT MYERS CLIMATE NORMALS FOR TODAY
                         NORMAL    RECORD    YEAR
 MAXIMUM TEMPERATURE (F)   85        93      1972
 MINIMUM TEMPERATURE (F)   64        49      2001


SUNRISE AND SUNSET
APRIL 19 2015.........SUNRISE   700 AM EDT   SUNSET   753 PM EDT
APRIL 20 2015.........SUNRISE   659 AM EDT   SUNSET   754 PM EDT


-  INDICATES NEGATIVE NUMBERS.
R  INDICATES RECORD WAS SET OR TIED.
MM INDICATES DATA IS MISSING.
T  INDICATES TRACE AMOUNT.




$$


&&
------------------------------------------------------------------
******************** SUPPLEMENTAL DATA ***************************

...GULF WATER TEMPERATURE AT FORT MYERS BEACH 84
