000
CDUS43 KDTX 280537
CLIFNT


CLIMATE REPORT
NATIONAL WEATHER SERVICE DETROIT/PONTIAC MI
137 AM EDT TUE APR 28 2015


...................................

...THE FLINT MI CLIMATE SUMMARY FOR APRIL 27 2015...

CLIMATE NORMAL PERIOD 1981 TO 2010
CLIMATE RECORD PERIOD 1921 TO 2015


WEATHER ITEM   OBSERVED TIME   RECORD YEAR NORMAL DEPARTURE LAST
                VALUE   (LST)  VALUE       VALUE  FROM      YEAR
                                                  NORMAL
..................................................................
TEMPERATURE (F)
 YESTERDAY
  MAXIMUM         56    433 PM  86    1990  62     -6       56
  MINIMUM         38   1239 AM  26    1996  39     -1       30
                                      1993
  AVERAGE         47                        51     -4       43

PRECIPITATION (IN)
  YESTERDAY        T             0.73 1957   0.10  -0.10     0.00
                                      1956
  MONTH TO DATE    1.50                      2.60  -1.10     1.47
  SINCE MAR 1      2.42                      4.51  -2.09     2.68
  SINCE JAN 1      4.59                      7.62  -3.03     6.69

SNOWFALL (IN)
  YESTERDAY        0.0           3.0    MM   0.0    0.0      0.0
  MONTH TO DATE    0.3                       2.2   -1.9      1.3
  SINCE MAR 1      4.8                       8.7   -3.9     10.7
  SINCE JUL 1     45.3                      47.3   -2.0     83.9
  SNOW DEPTH       0

DEGREE DAYS
 HEATING
  YESTERDAY       18                        15      3       22
  MONTH TO DATE  452                       521    -69      502
  SINCE MAR 1   1442                      1478    -36     1706
  SINCE JUL 1   6750                      6566    184     7227

 COOLING
  YESTERDAY        0                         0      0        0
  MONTH TO DATE    0                         0      0        0
  SINCE MAR 1      0                         0      0        0
  SINCE JAN 1      0                         0      0        0
..................................................................


WIND (MPH)
  HIGHEST WIND SPEED    20   HIGHEST WIND DIRECTION     N (20)
  HIGHEST GUST SPEED    25   HIGHEST GUST DIRECTION     N (360)
  AVERAGE WIND SPEED     9.2


SKY COVER
  POSSIBLE SUNSHINE  MM
  AVERAGE SKY COVER 0.8


WEATHER CONDITIONS
 THE FOLLOWING WEATHER WAS RECORDED YESTERDAY.
  LIGHT RAIN


RELATIVE HUMIDITY (PERCENT)
 HIGHEST    79           700 AM
 LOWEST     44           700 PM
 AVERAGE    62

..........................................................


THE FLINT MI CLIMATE NORMALS FOR TODAY
                         NORMAL    RECORD    YEAR
 MAXIMUM TEMPERATURE (F)   63        85      1990
                                             1986
 MINIMUM TEMPERATURE (F)   40        24      1946


SUNRISE AND SUNSET
APRIL 28 2015.........SUNRISE   633 AM EDT   SUNSET   832 PM EDT
APRIL 29 2015.........SUNRISE   632 AM EDT   SUNSET   833 PM EDT


-  INDICATES NEGATIVE NUMBERS.
R  INDICATES RECORD WAS SET OR TIED.
MM INDICATES DATA IS MISSING.
T  INDICATES TRACE AMOUNT.




$$
