000
CDUS46 KSGX 011435
CLIFUL


CLIMATE REPORT
NATIONAL WEATHER SERVICE SAN DIEGO, CA
735 AM PDT WED APR 1 2015


...................................

...THE FULLERTON AIRPORT CA CLIMATE SUMMARY FOR MARCH 31 2015...

CLIMATE NORMAL PERIOD 1981 TO 2010
CLIMATE RECORD PERIOD 1998 TO 2015


WEATHER ITEM   OBSERVED TIME   RECORD YEAR NORMAL DEPARTURE LAST
                VALUE   (LST)  VALUE       VALUE  FROM      YEAR
                                                  NORMAL
..................................................................
TEMPERATURE (F)
 YESTERDAY
  MAXIMUM         75   1218 PM  91    2011  71      4       68
  MINIMUM         59    523 AM  47    2000  50      9       53
  AVERAGE         67                        61      6       61

PRECIPITATION (IN)
  YESTERDAY        0.00          0.05 2012   0.03  -0.03     0.00
  MONTH TO DATE    0.39                      2.16  -1.77     0.71
  SINCE OCT 1      5.33                     12.34  -7.01     4.35
  SINCE JAN 1      1.51                      8.44  -6.93     3.04

SNOWFALL (IN)
  YESTERDAY        0.0
  MONTH TO DATE    0.0
  SINCE MAR 1      0.0
  SINCE JUL 1      0.0
  SNOW DEPTH       0

DEGREE DAYS
 HEATING
  YESTERDAY        0                         5     -5        4
  MONTH TO DATE   33                       170   -137       53
  SINCE MAR 1     33                       170   -137       53
  SINCE JUL 1    396                      1092   -696      551

 COOLING
  YESTERDAY        2                         0      2        0
  MONTH TO DATE  150                        13    137       35
  SINCE MAR 1    150                        13    137       35
  SINCE JAN 1    201                        22    179       55
..................................................................


WIND (MPH)
  RESULTANT WIND SPEED   3   RESULTANT WIND DIRECTION   S (190)
  HIGHEST WIND SPEED    12   HIGHEST WIND DIRECTION    SW (210)
  HIGHEST GUST SPEED    16   HIGHEST GUST DIRECTION     S (200)
  AVERAGE WIND SPEED     3.9


SKY COVER
  POSSIBLE SUNSHINE  MM
  AVERAGE SKY COVER 0.3


WEATHER CONDITIONS
 THE FOLLOWING WEATHER WAS RECORDED YESTERDAY.
  FOG
  HAZE


RELATIVE HUMIDITY (PERCENT)
 HIGHEST    84           200 AM
 LOWEST     46          1200 PM
 AVERAGE    65

..........................................................


THE FULLERTON AIRPORT CA CLIMATE NORMALS FOR TODAY
                         NORMAL    RECORD    YEAR
 MAXIMUM TEMPERATURE (F)   71        84      2005
 MINIMUM TEMPERATURE (F)   51        41      1998


SUNRISE AND SUNSET
APRIL  1 2015.........SUNRISE   640 AM PDT   SUNSET   712 PM PDT
APRIL  2 2015.........SUNRISE   638 AM PDT   SUNSET   713 PM PDT


-  INDICATES NEGATIVE NUMBERS.
R  INDICATES RECORD WAS SET OR TIED.
MM INDICATES DATA IS MISSING.
T  INDICATES TRACE AMOUNT.




$$
