000
CDUS43 KIWX 260528
CLIFWA


CLIMATE REPORT
NATIONAL WEATHER SERVICE NORTHERN INDIANA
126 AM EDT SUN APR 26 2015


...................................

...THE FORT WAYNE CLIMATE SUMMARY FOR APRIL 25 2015...

CLIMATE NORMAL PERIOD 1981 TO 2010
CLIMATE RECORD PERIOD 1897 TO 2015


WEATHER ITEM   OBSERVED TIME   RECORD YEAR NORMAL DEPARTURE LAST
                VALUE   (LST)  VALUE       VALUE  FROM      YEAR
                                                  NORMAL
..................................................................
TEMPERATURE (F)
 YESTERDAY
  MAXIMUM         50   1254 AM  86    1994  65    -15       63
                                      1990
                                      1915
  MINIMUM         40    828 PM  24    1967  42     -2       45
  AVERAGE         45                        54     -9       54

PRECIPITATION (IN)
  YESTERDAY        0.54          1.87 1904   0.11   0.43     0.36
  MONTH TO DATE    3.28                      2.98   0.30     3.43
  SINCE MAR 1      5.35                      5.69  -0.34     5.33
  SINCE JAN 1      9.12                      9.99  -0.87    11.57

SNOWFALL (IN)
  YESTERDAY        0.0           T    1976   0.0    0.0      0.0
                                      1968
                                      1926
  MONTH TO DATE    T                         1.0   -1.0      1.1
  SINCE MAR 1      8.6                       5.1    3.5     14.3
  SINCE JUL 1     45.1                      33.5   11.6     76.1
  SNOW DEPTH       0

DEGREE DAYS
 HEATING
  YESTERDAY       20                        12      8       11
  MONTH TO DATE  345                       404    -59      395
  SINCE MAR 1   1306                      1230     76     1462
  SINCE JUL 1   6455                      5828    627     6715

 COOLING
  YESTERDAY        0                         0      0        0
  MONTH TO DATE    0                         0      0        1
  SINCE MAR 1      0                         0      0        1
  SINCE JAN 1      0                         0      0        1
..................................................................


WIND (MPH)
  HIGHEST WIND SPEED    29   HIGHEST WIND DIRECTION    NE (60)
  HIGHEST GUST SPEED    38   HIGHEST GUST DIRECTION    NE (60)
  AVERAGE WIND SPEED    14.6


SKY COVER
  AVERAGE SKY COVER 1.0


WEATHER CONDITIONS
 THE FOLLOWING WEATHER WAS RECORDED YESTERDAY.
  RAIN
  LIGHT RAIN
  FOG


RELATIVE HUMIDITY (PERCENT)
 HIGHEST    92           200 PM
 LOWEST     48          1200 AM
 AVERAGE    70

..........................................................


THE FORT WAYNE CLIMATE NORMALS FOR TODAY
                         NORMAL    RECORD    YEAR
 MAXIMUM TEMPERATURE (F)   65        88      1986
 MINIMUM TEMPERATURE (F)   43        29      2006


SUNRISE AND SUNSET
APRIL 26 2015.........SUNRISE   646 AM EDT   SUNSET   832 PM EDT
APRIL 27 2015.........SUNRISE   645 AM EDT   SUNSET   833 PM EDT


-  INDICATES NEGATIVE NUMBERS.
R  INDICATES RECORD WAS SET OR TIED.
MM INDICATES DATA IS MISSING.
T  INDICATES TRACE AMOUNT.




$$
