000
CDUS44 KTSA 020802
CLIFYV

CLIMATE REPORT
NATIONAL WEATHER SERVICE TULSA OK
147 AM CDT THU APR 2 2015


...................................

...THE FAYETTEVILLE ARKANSAS CLIMATE SUMMARY FOR APRIL 1 2015...

CLIMATE NORMAL PERIOD 1981 TO 2010
CLIMATE RECORD PERIOD 1905 TO 2015


WEATHER ITEM   OBSERVED TIME   RECORD YEAR NORMAL DEPARTURE LAST
                VALUE   (LST)  VALUE       VALUE  FROM      YEAR
                                                  NORMAL
..................................................................
TEMPERATURE (F)
 YESTERDAY
  MAXIMUM         75    254 PM  85    2012  65     10       71
  MINIMUM         50    140 AM  20    1954  40     10       46
  AVERAGE         63                        53     10       59

PRECIPITATION (IN)
  YESTERDAY        0.03                      0.14  -0.11     0.00
  MONTH TO DATE    0.03                      0.14  -0.11     0.00
  SINCE MAR 1      4.66                      4.09   0.57     5.58
  SINCE JAN 1      7.72                      9.74  -2.02     8.06

SNOWFALL (IN)
  YESTERDAY        0.0                                       0.0
  MONTH TO DATE    0.0                                       0.0
  SINCE MAR 1      2.6                                       3.8
  SINCE JUL 1      7.9                                      17.9

DEGREE DAYS
 HEATING
  YESTERDAY        2                        13    -11        6
  MONTH TO DATE    2                        13    -11        6
  SINCE MAR 1    528                       539    -11      666
  SINCE JUL 1   4014                      3842    172     4386

 COOLING
  YESTERDAY        0                         0      0        0
  MONTH TO DATE    0                         0      0        0
  SINCE MAR 1      0                         4     -4        0
  SINCE JAN 1      0                         4     -4        0
..................................................................


WIND (MPH)
  HIGHEST WIND SPEED    25   HIGHEST WIND DIRECTION     S (180)
  HIGHEST GUST SPEED    32   HIGHEST GUST DIRECTION     S (170)
  AVERAGE WIND SPEED     9.1


SKY COVER
  POSSIBLE SUNSHINE  MM
  AVERAGE SKY COVER 0.2


WEATHER CONDITIONS
 THE FOLLOWING WEATHER WAS RECORDED YESTERDAY.
  THUNDERSTORM
  LIGHT RAIN


RELATIVE HUMIDITY (PERCENT)
 HIGHEST   100           100 AM
 LOWEST     60           300 PM
 AVERAGE    80

..........................................................


THE FAYETTEVILLE ARKANSAS CLIMATE NORMALS FOR TODAY
                         NORMAL    RECORD    YEAR
 MAXIMUM TEMPERATURE (F)   65        84      2012
 MINIMUM TEMPERATURE (F)   41        21      1962


SUNRISE AND SUNSET
APRIL  2 2015.........SUNRISE   702 AM CDT   SUNSET   739 PM CDT
APRIL  3 2015.........SUNRISE   700 AM CDT   SUNSET   740 PM CDT


-  INDICATES NEGATIVE NUMBERS.
R  INDICATES RECORD WAS SET OR TIED.
MM INDICATES DATA IS MISSING.
T  INDICATES TRACE AMOUNT.




$$
