000
CDUS43 KIND 180531
CLIGEZ


CLIMATE REPORT
NATIONAL WEATHER SERVICE INDIANAPOLIS IN
130 AM EDT SAT APR 18 2015


...................................

...THE SHELBYVILLE IN CLIMATE SUMMARY FOR APRIL 17 2015...

CLIMATE NORMAL PERIOD 1981 TO 2010
CLIMATE RECORD PERIOD 9999 TO 9999


WEATHER ITEM   OBSERVED TIME   NORMAL DEPARTURE LAST
                VALUE   (LST)  VALUE  FROM      YEAR
                                      NORMAL
......................................................
TEMPERATURE (F)
 YESTERDAY
  MAXIMUM         78    534 PM  64     14       69
  MINIMUM         49    628 AM  43      6       36
  AVERAGE         64            53     11       53

PRECIPITATION (IN)
  YESTERDAY        0.00          0.15  -0.15     0.00
  MONTH TO DATE    2.46          2.17   0.29     3.92
  SINCE MAR 1      6.32          5.60   0.72     5.98
  SINCE JAN 1      9.34         10.35  -1.01     9.86

DEGREE DAYS
 HEATING
  YESTERDAY        1            12    -11       12
  MONTH TO DATE  124           249   -125      211
  SINCE MAR 1    894           969    -75     1029
  SINCE JUL 1   5335          5132    203     5527

 COOLING
  YESTERDAY        0             0      0        0
  MONTH TO DATE    8             0      8        8
  SINCE MAR 1      8             1      7        8
  SINCE JAN 1      8             1      7        8
......................................................


WIND (MPH)
  HIGHEST WIND SPEED     9   HIGHEST WIND DIRECTION     N (10)
  HIGHEST GUST SPEED    13   HIGHEST GUST DIRECTION    NE (30)
  AVERAGE WIND SPEED     2.4


SKY COVER
  AVERAGE SKY COVER 0.4


WEATHER CONDITIONS
 THE FOLLOWING WEATHER WAS RECORDED YESTERDAY.
  FOG
  FOG W/VISIBILITY <= 1/4 MILE


RELATIVE HUMIDITY (PERCENT)
 HIGHEST    96           400 AM
 LOWEST     27           500 PM
 AVERAGE    62

..........................................................


THE SHELBYVILLE IN CLIMATE NORMALS FOR TODAY
                         NORMAL
 MAXIMUM TEMPERATURE (F)   64
 MINIMUM TEMPERATURE (F)   43


SUNRISE AND SUNSET
APRIL 18 2015.........SUNRISE   702 AM EDT   SUNSET   824 PM EDT
APRIL 19 2015.........SUNRISE   700 AM EDT   SUNSET   825 PM EDT


-  INDICATES NEGATIVE NUMBERS.
R  INDICATES RECORD WAS SET OR TIED.
MM INDICATES DATA IS MISSING.
T  INDICATES TRACE AMOUNT.




$$
