000
CDUS44 KSHV 050731
CLIGGG


CLIMATE REPORT
NATIONAL WEATHER SERVICE SHREVEPORT, LA
231 AM CDT TUE MAY 5 2015


...................................

...THE LONGVIEW CLIMATE SUMMARY FOR MAY 4 2015...

CLIMATE NORMAL PERIOD 1981 TO 2010
CLIMATE RECORD PERIOD 1902 TO 2015


WEATHER ITEM   OBSERVED TIME   RECORD YEAR NORMAL DEPARTURE LAST
                VALUE   (LST)  VALUE       VALUE  FROM      YEAR
                                                  NORMAL
..................................................................
TEMPERATURE (F)
 YESTERDAY
  MAXIMUM         83    425 PM  97    1943  81      2       88
  MINIMUM         59    542 AM  38    2013  59      0       55
  AVERAGE         71                        70      1       72

PRECIPITATION (IN)
  YESTERDAY        0.00          2.36 1991   0.17  -0.17     0.00
  MONTH TO DATE    0.00                      0.67  -0.67     0.00
  SINCE DEC 1     25.54                     20.09   5.45    13.19
  SINCE JAN 1     23.24                     15.60   7.64     9.04

SNOWFALL (IN)
  YESTERDAY        0.0
  MONTH TO DATE    0.0
  SINCE MAR 1      0.2
  SINCE JUL 1      3.1
  SNOW DEPTH       0

DEGREE DAYS
 HEATING
  YESTERDAY        0                         1     -1        0
  MONTH TO DATE    0                         4     -4       10
  SINCE MAR 1    309                       349    -40      474
  SINCE JUL 1   2282                      2253     29     2598

 COOLING
  YESTERDAY        6                         6      0        7
  MONTH TO DATE   22                        21      1        9
  SINCE MAR 1    185                       132     53      114
  SINCE JAN 1    185                       144     41      119
..................................................................


WIND (MPH)
  HIGHEST WIND SPEED    14   HIGHEST WIND DIRECTION    SE (130)
  HIGHEST GUST SPEED    20   HIGHEST GUST DIRECTION     S (160)
  AVERAGE WIND SPEED     7.4


SKY COVER
  POSSIBLE SUNSHINE  MM
  AVERAGE SKY COVER 0.1


WEATHER CONDITIONS
 THE FOLLOWING WEATHER WAS RECORDED YESTERDAY.
  NO SIGNIFICANT WEATHER WAS OBSERVED.


RELATIVE HUMIDITY (PERCENT)
 HIGHEST    90           400 AM
 LOWEST     40           500 PM
 AVERAGE    65

..........................................................


THE LONGVIEW CLIMATE NORMALS FOR TODAY
                         NORMAL    RECORD    YEAR
 MAXIMUM TEMPERATURE (F)   81        95      1906
 MINIMUM TEMPERATURE (F)   59        40      2013


SUNRISE AND SUNSET
MAY  5 2015...........SUNRISE   629 AM CDT   SUNSET   803 PM CDT
MAY  6 2015...........SUNRISE   628 AM CDT   SUNSET   803 PM CDT


-  INDICATES NEGATIVE NUMBERS.
R  INDICATES RECORD WAS SET OR TIED.
MM INDICATES DATA IS MISSING.
T  INDICATES TRACE AMOUNT.




$$
