000
CDUS45 KGGW 070740
CLIGGW


CLIMATE REPORT
NATIONAL WEATHER SERVICE GLASGOW MT
140 AM MDT THU MAY 7 2015


...................................

...THE GLASGOW MT CLIMATE SUMMARY FOR MAY 6 2015...

CLIMATE NORMAL PERIOD 1981 TO 2010
CLIMATE RECORD PERIOD 1893 TO 2015


WEATHER ITEM   OBSERVED TIME   RECORD YEAR NORMAL DEPARTURE LAST
                VALUE   (LST)  VALUE       VALUE  FROM      YEAR
                                                  NORMAL
..................................................................
TEMPERATURE (F)
 YESTERDAY
  MAXIMUM         63   1216 AM  93    1992  65     -2       61
  MINIMUM         41   1159 PM  15    1929  39      2       39
  AVERAGE         52                        52      0       50

PRECIPITATION (IN)
  YESTERDAY        T             1.66 1979   0.05  -0.05     0.00
  MONTH TO DATE    T                         0.27  -0.27     0.38
  SINCE OCT 1      4.26                      3.72   0.54     3.82
  SINCE JAN 1      3.00                      2.17   0.83     2.37

SNOWFALL (IN)
  YESTERDAY        0.0           1.2  2002   0.0    0.0      0.0
  MONTH TO DATE    0.0                       0.3   -0.3       T
  SINCE MAR 1      8.1                       6.9    1.2      6.6
  SINCE JUL 1     43.2                      33.9    9.3     30.4
  SNOW DEPTH       0

DEGREE DAYS
 HEATING
  YESTERDAY       13                        13      0       15
  MONTH TO DATE   56                        85    -29      111
  SINCE MAR 1   1397                      1722   -325     1932
  SINCE JUL 1   7481                      8092   -611     8580

 COOLING
  YESTERDAY        0                         0      0        0
  MONTH TO DATE    0                         0      0        0
  SINCE MAR 1      0                         1     -1        0
  SINCE JAN 1      0                         1     -1        0
..................................................................


WIND (MPH)
  HIGHEST WIND SPEED    26   HIGHEST WIND DIRECTION    NW (330)
  HIGHEST GUST SPEED    32   HIGHEST GUST DIRECTION    NW (330)
  AVERAGE WIND SPEED    17.5


SKY COVER
  POSSIBLE SUNSHINE  MM
  AVERAGE SKY COVER 0.4


WEATHER CONDITIONS
 THE FOLLOWING WEATHER WAS RECORDED YESTERDAY.
  LIGHT RAIN


RELATIVE HUMIDITY (PERCENT)
 HIGHEST    83           800 AM
 LOWEST     40           600 PM
 AVERAGE    62

..........................................................


THE GLASGOW MT CLIMATE NORMALS FOR TODAY
                         NORMAL    RECORD    YEAR
 MAXIMUM TEMPERATURE (F)   65        93      1992
 MINIMUM TEMPERATURE (F)   39        21      1929


SUNRISE AND SUNSET
MAY  7 2015...........SUNRISE   539 AM MDT   SUNSET   828 PM MDT
MAY  8 2015...........SUNRISE   537 AM MDT   SUNSET   830 PM MDT


-  INDICATES NEGATIVE NUMBERS.
R  INDICATES RECORD WAS SET OR TIED.
MM INDICATES DATA IS MISSING.
T  INDICATES TRACE AMOUNT.




$$
