000
CDUS44 KJAN 182113
CLIGLH


CLIMATE REPORT
NATIONAL WEATHER SERVICE JACKSON MS
412 PM CDT SAT APR 18 2015


...................................

...THE GREENVILLE CLIMATE SUMMARY FOR APRIL 18 2015...
VALID TODAY AS OF 0400 PM LOCAL TIME.

CLIMATE NORMAL PERIOD 1981 TO 2010
CLIMATE RECORD PERIOD 1920 TO 2015


WEATHER ITEM   OBSERVED TIME   RECORD YEAR NORMAL DEPARTURE LAST
                VALUE   (LST)  VALUE       VALUE  FROM      YEAR
                                                  NORMAL
..................................................................
TEMPERATURE (F)
 TODAY
  MAXIMUM         69    242 PM  90    2006  75     -6       75
                                      1981
  MINIMUM         64    536 AM  34    1921  53     11       54
  AVERAGE         67                        64      3       65

PRECIPITATION (IN)
  TODAY            T             3.42 1940   0.16  -0.16     0.00
  MONTH TO DATE    1.90                      3.04  -1.14     6.12
  SINCE MAR 1      6.51                      7.59  -1.08    11.63
  SINCE JAN 1     12.96                     17.58  -4.62    15.93

SNOWFALL (IN)
  TODAY            0.0

DEGREE DAYS
 HEATING
  TODAY            0                         3     -3        0
  MONTH TO DATE   30                        93    -63      123
  SINCE MAR 1    351                       429    -78      557
  SINCE JUL 1   2838                      2738    100     3164

 COOLING
  TODAY            2                         2      0        0
  MONTH TO DATE   71                        27     44       29
  SINCE MAR 1     78                        44     34       34
  SINCE JAN 1     78                        49     29       34
..................................................................


WIND (MPH)
  HIGHEST WIND SPEED    16   HIGHEST WIND DIRECTION    SE (130)
  HIGHEST GUST SPEED    21   HIGHEST GUST DIRECTION    SE (120)
  AVERAGE WIND SPEED     7.1


SKY COVER
  POSSIBLE SUNSHINE  MM
  AVERAGE SKY COVER 0.5


WEATHER CONDITIONS
 THE FOLLOWING WEATHER WAS RECORDED TODAY.
  LIGHT RAIN
  FOG


RELATIVE HUMIDITY (PERCENT)
 HIGHEST    93          1200 AM
 LOWEST     78           100 PM
 AVERAGE    86

..........................................................


THE GREENVILLE CLIMATE NORMALS FOR TOMORROW
                         NORMAL    RECORD    YEAR
 MAXIMUM TEMPERATURE (F)   75        89      1987
 MINIMUM TEMPERATURE (F)   53        35      1983


SUNRISE AND SUNSET
APRIL 18 2015.........SUNRISE   630 AM CDT   SUNSET   737 PM CDT
APRIL 19 2015.........SUNRISE   629 AM CDT   SUNSET   738 PM CDT


-  INDICATES NEGATIVE NUMBERS.
R  INDICATES RECORD WAS SET OR TIED.
MM INDICATES DATA IS MISSING.
T  INDICATES TRACE AMOUNT.




$$
