000
CDUS44 KHGX 180747
CLIGLS


CLIMATE REPORT
NATIONAL WEATHER SERVICE HOUSTON/GALVESTON TX
246 AM CDT SAT APR 18 2015


...................................

...THE GALVESTON CLIMATE SUMMARY FOR APRIL 17 2015...

CLIMATE NORMAL PERIOD 1981 TO 2010
CLIMATE RECORD PERIOD 1875 TO 2015


WEATHER ITEM   OBSERVED TIME   RECORD YEAR NORMAL DEPARTURE LAST
                VALUE   (LST)  VALUE       VALUE  FROM      YEAR
                                                  NORMAL
..................................................................
TEMPERATURE (F)
 YESTERDAY
  MAXIMUM         78    119 PM  83    1918  76      2       66
  MINIMUM         67    853 PM  43    1921  65      2       62
  AVERAGE         73                        70      3       64

PRECIPITATION (IN)
  YESTERDAY        1.03          4.99 1973   0.11   0.92     0.03
  MONTH TO DATE    4.27                      1.83   2.44     0.10
  SINCE MAR 1     11.96                      4.99   6.97     1.92
  SINCE JAN 1     18.10                     11.76   6.34     4.97

SNOWFALL (IN)
  YESTERDAY        0.0          MM      MM  MM     MM        0.0
  MONTH TO DATE    0.0                      MM     MM        0.0
  SINCE MAR 1      0.0                      MM     MM        0.0
  SINCE JUL 1      0.0                      MM     MM         T
  SNOW DEPTH       0

DEGREE DAYS
 HEATING
  YESTERDAY        0                         0      0        1
  MONTH TO DATE    0                        16    -16       20
  SINCE MAR 1    120                       119      1      186
  SINCE JUL 1   1182                      1007    175     1425

 COOLING
  YESTERDAY        8                         6      2        0
  MONTH TO DATE  134                        78     56       55
  SINCE MAR 1    180                       131     49       76
  SINCE JAN 1    186                       148     38       83
..................................................................


WIND (MPH)
  RESULTANT WIND SPEED  12   RESULTANT WIND DIRECTION   E (100)
  HIGHEST WIND SPEED    22   HIGHEST WIND DIRECTION     E (80)
  HIGHEST GUST SPEED    28   HIGHEST GUST DIRECTION    NE (50)
  AVERAGE WIND SPEED    12.3


SKY COVER
  AVERAGE SKY COVER 0.6


WEATHER CONDITIONS
 THE FOLLOWING WEATHER WAS RECORDED YESTERDAY.
  THUNDERSTORM
  RAIN
  LIGHT RAIN
  FOG


RELATIVE HUMIDITY (PERCENT)
 HIGHEST   100
 LOWEST     82
 AVERAGE    91

..........................................................


THE GALVESTON CLIMATE NORMALS FOR TODAY
                         NORMAL    RECORD    YEAR
 MAXIMUM TEMPERATURE (F)   76        85      1988
 MINIMUM TEMPERATURE (F)   65        44      1901


SUNRISE AND SUNSET
APRIL 18 2015.........SUNRISE   650 AM CDT   SUNSET   748 PM CDT
APRIL 19 2015.........SUNRISE   649 AM CDT   SUNSET   748 PM CDT


-  INDICATES NEGATIVE NUMBERS.
R  INDICATES RECORD WAS SET OR TIED.
MM INDICATES DATA IS MISSING.
T  INDICATES TRACE AMOUNT.




$$
