000
CDUS42 KGSP 270636 RRA
CLIGSP

CLIMATE REPORT
NATIONAL WEATHER SERVICE GREENVILLE-SPARTANBURG SC
233 AM EDT MON APR 27 2015


...................................

...THE GREENVILLE-SPARTANBURG SC CLIMATE SUMMARY FOR APRIL 26 2015...

CLIMATE NORMAL PERIOD 1981 TO 2010
CLIMATE RECORD PERIOD 1884 TO 2015


WEATHER ITEM   OBSERVED TIME   RECORD YEAR NORMAL DEPARTURE LAST
                VALUE   (LST)  VALUE       VALUE  FROM      YEAR
                                                  NORMAL
..................................................................
TEMPERATURE (F)
 YESTERDAY
  MAXIMUM         77   1115 AM  89    1960  75      2       80
                                      1915
  MINIMUM         53   1159 PM  34    1972  51      2       49
                                      1910
  AVERAGE         65                        63      2       65

PRECIPITATION (IN)
  YESTERDAY        0.04          1.45 1979   0.11  -0.07     0.00
  MONTH TO DATE    6.14                      2.92   3.22     4.87
  SINCE MAR 1      8.23                      7.44   0.79     8.96
  SINCE JAN 1     15.55                     15.23   0.32    15.20

SNOWFALL (IN)
  YESTERDAY        0.0           0.0    MM   0.0    0.0      0.0
  MONTH TO DATE    0.0                       0.0    0.0      0.0
  SINCE MAR 1      0.0                       0.9   -0.9       T
  SINCE JUL 1      3.7                       4.7   -1.0      7.2
  SNOW DEPTH       0

DEGREE DAYS
 HEATING
  YESTERDAY        0                         4     -4        0
  MONTH TO DATE   74                       160    -86      136
  SINCE MAR 1    378                       544   -166      613
  SINCE JUL 1   2992                      2993     -1     3172

 COOLING
  YESTERDAY        0                         2     -2        0
  MONTH TO DATE   50                        33     17       27
  SINCE MAR 1     56                        41     15       27
  SINCE JAN 1     56                        41     15       27
..................................................................


WIND (MPH)
  HIGHEST WIND SPEED    17   HIGHEST WIND DIRECTION     N (20)
  HIGHEST GUST SPEED    22   HIGHEST GUST DIRECTION     N (360)
  AVERAGE WIND SPEED     6.4


SKY COVER
  POSSIBLE SUNSHINE  MM
  AVERAGE SKY COVER 0.7


WEATHER CONDITIONS
 THE FOLLOWING WEATHER WAS RECORDED YESTERDAY.
  RAIN
  LIGHT RAIN
  FOG


RELATIVE HUMIDITY (PERCENT)
 HIGHEST   100          1200 AM
 LOWEST     54          1100 AM
 AVERAGE    77

..........................................................


THE GREENVILLE-SPARTANBURG SC CLIMATE NORMALS FOR TODAY
                         NORMAL    RECORD    YEAR
 MAXIMUM TEMPERATURE (F)   76        93      1986
 MINIMUM TEMPERATURE (F)   51        34      1993


SUNRISE AND SUNSET
APRIL 27 2015.........SUNRISE   643 AM EDT   SUNSET   811 PM EDT
APRIL 28 2015.........SUNRISE   642 AM EDT   SUNSET   812 PM EDT


-  INDICATES NEGATIVE NUMBERS.
R  INDICATES RECORD WAS SET OR TIED.
MM INDICATES DATA IS MISSING.
T  INDICATES TRACE AMOUNT.




$$
