000
CDUS42 KFFC 190818
CLIGVL


CLIMATE REPORT
NATIONAL WEATHER SERVICE PEACHTREE CITY GA
417 AM EDT SUN APR 19 2015


...................................

...THE GAINESVILLE   CLIMATE SUMMARY FOR APRIL 18 2015...

CLIMATE NORMAL PERIOD 1981 TO 2010
CLIMATE RECORD PERIOD 9999 TO 9999


WEATHER ITEM   OBSERVED TIME   RECORD YEAR NORMAL DEPARTURE LAST
                VALUE   (LST)  VALUE       VALUE  FROM      YEAR
                                                  NORMAL
..................................................................
TEMPERATURE (F)
 YESTERDAY
  MAXIMUM         72    254 PM  MM      MM  72      0       55
  MINIMUM         61    631 AM  MM      MM  50     11       48
  AVERAGE         67                        61      6       52

PRECIPITATION (IN)
  YESTERDAY        0.05         MM      MM   0.11  -0.06     0.81
  MONTH TO DATE    3.63                      2.05   1.58     5.31
  SINCE MAR 1      5.38                      7.47  -2.09     8.56
  SINCE JAN 1     13.56                     17.37  -3.81    14.55

SNOWFALL (IN)
  YESTERDAY       MM            MM      MM  MM     MM       MM
  MONTH TO DATE    0.0                      MM     MM        0.0
  SINCE MAR 1      0.0                      MM     MM        0.0
  SINCE JUL 1      T                        MM     MM         T
  SNOW DEPTH      MM

DEGREE DAYS
 HEATING
  YESTERDAY        0                         5     -5       13
  MONTH TO DATE   61                       127    -66      122
  SINCE MAR 1    358                       515   -157      579
  SINCE JUL 1   2988                      2979      9     3248

 COOLING
  YESTERDAY        2                         1      1        0
  MONTH TO DATE   40                        16     24       12
  SINCE MAR 1     42                        21     21       12
  SINCE JAN 1     42                        21     21       12
..................................................................


WIND (MPH)
  RESULTANT WIND SPEED   6   RESULTANT WIND DIRECTION   E (80)
  HIGHEST WIND SPEED    15   HIGHEST WIND DIRECTION     E (90)
  HIGHEST GUST SPEED    20   HIGHEST GUST DIRECTION     E (110)
  AVERAGE WIND SPEED     5.4


SKY COVER
  AVERAGE SKY COVER 1.0


WEATHER CONDITIONS
 THE FOLLOWING WEATHER WAS RECORDED YESTERDAY.
  LIGHT RAIN
  FOG


RELATIVE HUMIDITY (PERCENT)
 HIGHEST   100          1200 AM
 LOWEST     73          1100 AM
 AVERAGE    87

..........................................................


THE GAINESVILLE   CLIMATE NORMALS FOR TODAY
                         NORMAL    RECORD    YEAR
 MAXIMUM TEMPERATURE (F)   72        MM        MM
 MINIMUM TEMPERATURE (F)   51        MM        MM


SUNRISE AND SUNSET
APRIL 19 2015.........SUNRISE   700 AM EDT   SUNSET   810 PM EDT
APRIL 20 2015.........SUNRISE   658 AM EDT   SUNSET   811 PM EDT


-  INDICATES NEGATIVE NUMBERS.
R  INDICATES RECORD WAS SET OR TIED.
MM INDICATES DATA IS MISSING.
T  INDICATES TRACE AMOUNT.




$$
