000
CDUS44 KJAN 260838
CLIGWO


CLIMATE REPORT
NATIONAL WEATHER SERVICE JACKSON MS
336 AM CDT SUN APR 26 2015


...................................

...THE GREENWOOD CLIMATE SUMMARY FOR APRIL 25 2015...

CLIMATE NORMAL PERIOD 1981 TO 2010
CLIMATE RECORD PERIOD 1948 TO 2015


WEATHER ITEM   OBSERVED TIME   RECORD YEAR NORMAL DEPARTURE LAST
                VALUE   (LST)  VALUE       VALUE  FROM      YEAR
                                                  NORMAL
..................................................................
TEMPERATURE (F)
 YESTERDAY
  MAXIMUM         82    421 PM  87    1965  78      4       77
  MINIMUM         61    516 AM  38    2013  55      6       55
  AVERAGE         72                        66      6       66

PRECIPITATION (IN)
  YESTERDAY        0.45          1.90 1980   0.17   0.28     0.00
  MONTH TO DATE    6.17                      4.29   1.88     8.47
  SINCE MAR 1     11.31                      8.60   2.71    12.55
  SINCE JAN 1     20.70                     17.54   3.16    18.83

SNOWFALL (IN)
  YESTERDAY        0.0

DEGREE DAYS
 HEATING
  YESTERDAY        0                         2     -2        0
  MONTH TO DATE   49                       114    -65      135
  SINCE MAR 1    322                       430   -108      573
  SINCE JUL 1   2843                      2661    182     3227

 COOLING
  YESTERDAY        7                         3      4        1
  MONTH TO DATE   96                        57     39       41
  SINCE MAR 1    105                        78     27       45
  SINCE JAN 1    105                        83     22       45
..................................................................


WIND (MPH)
  HIGHEST WIND SPEED    20   HIGHEST WIND DIRECTION    SW (220)
  HIGHEST GUST SPEED    26   HIGHEST GUST DIRECTION    SW (230)
  AVERAGE WIND SPEED     9.5


SKY COVER
  POSSIBLE SUNSHINE  MM
  AVERAGE SKY COVER 0.0


WEATHER CONDITIONS
 THE FOLLOWING WEATHER WAS RECORDED YESTERDAY.
  THUNDERSTORM
  HEAVY RAIN
  LIGHT RAIN
  FOG
  HAZE


RELATIVE HUMIDITY (PERCENT)
 HIGHEST    79           800 PM
 LOWEST     67           500 PM
 AVERAGE    73

..........................................................


THE GREENWOOD CLIMATE NORMALS FOR TODAY
                         NORMAL    RECORD    YEAR
 MAXIMUM TEMPERATURE (F)   78        88      1994
                                             1971
 MINIMUM TEMPERATURE (F)   55        44      2013
                                             1992


SUNRISE AND SUNSET
APRIL 26 2015.........SUNRISE   617 AM CDT   SUNSET   739 PM CDT
APRIL 27 2015.........SUNRISE   616 AM CDT   SUNSET   740 PM CDT


-  INDICATES NEGATIVE NUMBERS.
R  INDICATES RECORD WAS SET OR TIED.
MM INDICATES DATA IS MISSING.
T  INDICATES TRACE AMOUNT.




$$
