000
CDUS46 KHNX 250020
CLIHJO


CLIMATE REPORT
NATIONAL WEATHER SERVICE SAN JOAQUIN VALLEY, CA
520 PM PDT FRI APR 24 2015


...................................

...THE HANFORD CA CLIMATE SUMMARY FOR APRIL 24 2015...
VALID AS OF 0500 PM LOCAL TIME.

CLIMATE NORMAL PERIOD 1981 TO 2010
CLIMATE RECORD PERIOD 1998 TO 2015


WEATHER ITEM   OBSERVED TIME   RECORD YEAR NORMAL DEPARTURE LAST
                VALUE   (LST)  VALUE       VALUE  FROM      YEAR
                                                  NORMAL
..................................................................
TEMPERATURE (F)
 TODAY
  MAXIMUM         79    334 PM  90    2013  78      1       80
  MINIMUM         57    430 AM  42    2008  48      9       52
  AVERAGE         68                        63      5       66

PRECIPITATION (IN)
  TODAY            0.00          0.01 2006   0.03  -0.03     0.00
  MONTH TO DATE    0.70                      0.64   0.06      T
  SINCE OCT 1      4.75                      9.17  -4.42     2.61
  SINCE JAN 1      1.63                      6.04  -4.41     2.23

SNOWFALL (IN)
  TODAY            0.0
  MONTH TO DATE    0.0
  SINCE MAR 1      0.0
  SINCE JUL 1      0.0
  SNOW DEPTH       0

DEGREE DAYS
 HEATING
  TODAY            0                                         0
  MONTH TO DATE   55                                        67
  SINCE MAR 1    145                                       242
  SINCE JUL 1   1687                                      2019

 COOLING
  TODAY            3                                         1
  MONTH TO DATE   50                                        64
  SINCE MAR 1    108                                        64
  SINCE JAN 1    108                                        64
..................................................................


WIND (MPH)
  HIGHEST WIND SPEED    17   HIGHEST WIND DIRECTION    NW (330)
  HIGHEST GUST SPEED    25   HIGHEST GUST DIRECTION    NW (320)
  AVERAGE WIND SPEED     7.1




RELATIVE HUMIDITY (PERCENT)
 HIGHEST    72
 LOWEST     13
 AVERAGE    43

..........................................................


THE HANFORD CA CLIMATE NORMALS FOR TOMORROW
                         NORMAL    RECORD    YEAR
 MAXIMUM TEMPERATURE (F)   78        92      2005
 MINIMUM TEMPERATURE (F)   49        36      2009


SUNRISE AND SUNSET
APRIL 24 2015.........SUNRISE   614 AM PDT   SUNSET   740 PM PDT
APRIL 25 2015.........SUNRISE   613 AM PDT   SUNSET   741 PM PDT


-  INDICATES NEGATIVE NUMBERS.
R  INDICATES RECORD WAS SET OR TIED.
MM INDICATES DATA IS MISSING.
T  INDICATES TRACE AMOUNT.




$$
