000
CDUS44 KHGX 041309
CLIHOU

CLIMATE REPORT
NATIONAL WEATHER SERVICE HOUSTON/GALVESTON TX
810 AM CDT MON MAY 4 2015

...MORNING CLIMATE DATA...

                            MORNING LOW    PRECIP SINCE MIDNIGHT
HOUSTON INTERCONTINENTAL         61                0.00
GALVESTON SCHOLES FIELD          71                0.00
BRYAN/COLLEGE STATION            63                0.00
HOUSTON HOBBY                    66                0.00

...................................

...THE HOUSTON INTERCONTINENTAL CLIMATE SUMMARY FOR MAY 3 2015...

CLIMATE NORMAL PERIOD 1981 TO 2010
CLIMATE RECORD PERIOD 1892 TO 2015


WEATHER ITEM   OBSERVED TIME   RECORD YEAR NORMAL DEPARTURE LAST
                VALUE   (LST)  VALUE       VALUE  FROM      YEAR
                                                  NORMAL
..................................................................
TEMPERATURE (F)
 YESTERDAY
  MAXIMUM         83    103 PM  93    1890  83      0       88
  MINIMUM         57    458 AM  47    2013  64     -7       61
                                      1978
  AVERAGE         70                        74     -4       75

PRECIPITATION (IN)
  YESTERDAY        0.00          5.10 1981   0.16  -0.16     0.00
  MONTH TO DATE    0.00                      0.46  -0.46     0.00
  SINCE MAR 1     12.44                      7.18   5.26     4.01
  SINCE JAN 1     16.27                     13.76   2.51     7.36

DEGREE DAYS
 COOLING
  YESTERDAY        5                         9     -4       10
  MONTH TO DATE   16                        26    -10       11
  SINCE MAR 1    320                       269     51      224
  SINCE JAN 1    330                       307     23      258
..................................................................


WIND (MPH)
  HIGHEST WIND SPEED    22   HIGHEST WIND DIRECTION    SE (150)
  HIGHEST GUST SPEED    26   HIGHEST GUST DIRECTION    SE (130)




RELATIVE HUMIDITY (PERCENT)
 HIGHEST   100
 LOWEST     49
 AVERAGE    75

..........................................................


THE HOUSTON INTERCONTINENTAL CLIMATE NORMALS FOR TODAY
                         NORMAL    RECORD    YEAR
 MAXIMUM TEMPERATURE (F)   84        94      1890
 MINIMUM TEMPERATURE (F)   65        42      2013


SUNRISE AND SUNSET
MAY  4 2015...........SUNRISE   636 AM CDT   SUNSET   801 PM CDT
MAY  5 2015...........SUNRISE   635 AM CDT   SUNSET   801 PM CDT


-  INDICATES NEGATIVE NUMBERS.
R  INDICATES RECORD WAS SET OR TIED.
MM INDICATES DATA IS MISSING.
T  INDICATES TRACE AMOUNT.


&&

...................................

...THE HOUSTON/HOBBY AIRPORT CLIMATE SUMMARY FOR MAY 3 2015...

CLIMATE NORMAL PERIOD 1981 TO 2010
CLIMATE RECORD PERIOD 1930 TO 2015


WEATHER ITEM   OBSERVED TIME   RECORD YEAR NORMAL DEPARTURE LAST
                VALUE   (LST)  VALUE       VALUE  FROM      YEAR
                                                  NORMAL
..................................................................
TEMPERATURE (F)
 YESTERDAY
  MAXIMUM         83    214 PM  96    1984  83      0       88
  MINIMUM         60    601 AM  48    1978  66     -6       55
  AVERAGE         72                        74     -2       72

PRECIPITATION (IN)
  YESTERDAY        0.00          9.48 1981   0.14  -0.14     0.00
  MONTH TO DATE    0.00                      0.42  -0.42     0.00
  SINCE MAR 1     14.58                      6.87   7.71     3.85
  SINCE JAN 1     20.46                     13.95   6.51     6.47

DEGREE DAYS
 COOLING
  YESTERDAY        7                         9     -2        7
  MONTH TO DATE   18                        27     -9        8
  SINCE MAR 1    341                       269     72      223
  SINCE JAN 1    351                       307     44      262
..................................................................


WIND (MPH)
  HIGHEST WIND SPEED    20   HIGHEST WIND DIRECTION    SE (150)
  HIGHEST GUST SPEED    24   HIGHEST GUST DIRECTION     S (160)




RELATIVE HUMIDITY (PERCENT)
 HIGHEST    90
 LOWEST     51
 AVERAGE    71

..........................................................


THE HOUSTON/HOBBY AIRPORT CLIMATE NORMALS FOR TODAY
                         NORMAL    RECORD    YEAR
 MAXIMUM TEMPERATURE (F)   83        94      1947
 MINIMUM TEMPERATURE (F)   66        44      1978


SUNRISE AND SUNSET
MAY  4 2015...........SUNRISE   636 AM CDT   SUNSET   800 PM CDT
MAY  5 2015...........SUNRISE   636 AM CDT   SUNSET   800 PM CDT


-  INDICATES NEGATIVE NUMBERS.
R  INDICATES RECORD WAS SET OR TIED.
MM INDICATES DATA IS MISSING.
T  INDICATES TRACE AMOUNT.

...MISCELLANEOUS CLIMATE DATA FOR YESTERDAY...

LOCATION                        HIGH    LOW     PRECIP
PEARLAND                         83      59      0.00
SUGAR LAND                       84      57      0.00
TOMBALL                          83      56      0.00
CONROE                           83      51      0.00
HUNTSVILLE                       83      59      0.00
ANGLETON/LAKE JACKSON            80      56      0.00
PALACIOS                         83      68      0.00
LEAGUE CITY (NWS)                81      58      0.00


THIS PRODUCT...ALONG WITH OTHER WEATHER...HYDROLOGIC...AND CLIMATE
PRODUCTS...IS AVAILABLE ON THE WEB AT HTTP://WWW.SRH.NOAA.GOV/HGX
OR AT HTTP://WEATHER.GOV

$$
