000
CDUS44 KBRO 252146
CLIHRL


CLIMATE REPORT
NATIONAL WEATHER SERVICE BROWNSVILLE TX
445 PM CDT SAT APR 25 2015


...................................

...THE HARLINGEN CLIMATE SUMMARY FOR APRIL 25 2015...
VALID TODAY AS OF 0400 PM LOCAL TIME.

CLIMATE NORMAL PERIOD 1981 TO 2010
CLIMATE RECORD PERIOD 1912 TO 2015


WEATHER ITEM   OBSERVED TIME   RECORD YEAR NORMAL DEPARTURE LAST
                VALUE   (LST)  VALUE       VALUE  FROM      YEAR
                                                  NORMAL
..................................................................
TEMPERATURE (F)
 TODAY
  MAXIMUM         91    143 PM 100    1945  87      4       87
  MINIMUM         73   1255 AM  52    1913  67      6       71
  AVERAGE         82                        77      5       79

PRECIPITATION (IN)
  TODAY            T             1.44 1981   0.05  -0.05     0.00
  MONTH TO DATE    3.72                      1.40   2.32     0.17
  SINCE MAR 1      6.78                      2.69   4.09     1.95
  SINCE JAN 1      9.70                      5.16   4.54     2.95

SNOWFALL (IN)
  TODAY            0.0
  MONTH TO DATE    0.0
  SINCE MAR 1      0.0
  SINCE JUL 1      0.0
  SNOW DEPTH       0

DEGREE DAYS
 HEATING
  TODAY            0                         0      0        0
  MONTH TO DATE    0                         7     -7       12
  SINCE MAR 1     74                        53     21      119
  SINCE JUL 1    767                       621    146      930

 COOLING
  TODAY           17                        12      5       14
  MONTH TO DATE  330                       255     75      211
  SINCE MAR 1    451                       425     26      323
  SINCE JAN 1    510                       550    -40      434
..................................................................


WIND (MPH)
  HIGHEST WIND SPEED    18   HIGHEST WIND DIRECTION    SE (150)
  HIGHEST GUST SPEED    22   HIGHEST GUST DIRECTION     S (160)
  AVERAGE WIND SPEED     8.8



WEATHER CONDITIONS
 THE FOLLOWING WEATHER WAS RECORDED TODAY.
  THUNDERSTORM
  LIGHT RAIN
  FOG
  HAZE


RELATIVE HUMIDITY (PERCENT)
 HIGHEST    97
 LOWEST     60
 AVERAGE    79

..........................................................


THE HARLINGEN CLIMATE NORMALS FOR TOMORROW
                         NORMAL    RECORD    YEAR
 MAXIMUM TEMPERATURE (F)   87        99      1961
 MINIMUM TEMPERATURE (F)   67        47      1913


SUNRISE AND SUNSET
APRIL 25 2015.........SUNRISE   658 AM CDT   SUNSET   759 PM CDT
APRIL 26 2015.........SUNRISE   657 AM CDT   SUNSET   800 PM CDT


-  INDICATES NEGATIVE NUMBERS.
R  INDICATES RECORD WAS SET OR TIED.
MM INDICATES DATA IS MISSING.
T  INDICATES TRACE AMOUNT.




$$
