000
CDUS43 KIND 070600
CLIHUF


CLIMATE REPORT
NATIONAL WEATHER SERVICE INDIANAPOLIS IN
200 AM EDT THU MAY 7 2015


...................................

...THE TERRE HAUTE IN CLIMATE SUMMARY FOR MAY 6 2015...

CLIMATE NORMAL PERIOD 1981 TO 2010
CLIMATE RECORD PERIOD 9999 TO 9999


WEATHER ITEM   OBSERVED TIME   NORMAL DEPARTURE LAST
                VALUE   (LST)  VALUE  FROM      YEAR
                                      NORMAL
......................................................
TEMPERATURE (F)
 YESTERDAY
  MAXIMUM         85    416 PM  71     14       78
  MINIMUM         54    534 AM  49      5       52
  AVERAGE         70            60     10       65

PRECIPITATION (IN)
  YESTERDAY        0.00          0.23  -0.23     0.00
  MONTH TO DATE    0.13          1.41  -1.28      T
  SINCE MAR 1      8.15          8.93  -0.78     8.03
  SINCE JAN 1     11.05         13.22  -2.17    12.06

DEGREE DAYS
 HEATING
  YESTERDAY        0             6     -6        0
  MONTH TO DATE   15            40    -25       46
  SINCE MAR 1   1134          1097     37     1222
  SINCE JUL 1   5768          5260    508     5957

 COOLING
  YESTERDAY        5             1      4        0
  MONTH TO DATE   18             6     12        0
  SINCE MAR 1     24            21      3        6
  SINCE JAN 1     24            21      3        6
......................................................


WIND (MPH)
  HIGHEST WIND SPEED    14   HIGHEST WIND DIRECTION     S (200)
  HIGHEST GUST SPEED    19   HIGHEST GUST DIRECTION     S (180)
  AVERAGE WIND SPEED     4.7


SKY COVER
  AVERAGE SKY COVER 0.1


WEATHER CONDITIONS
 THE FOLLOWING WEATHER WAS RECORDED YESTERDAY.
  NO SIGNIFICANT WEATHER WAS OBSERVED.


RELATIVE HUMIDITY (PERCENT)
 HIGHEST    93           500 AM
 LOWEST     34           100 PM
 AVERAGE    64

..........................................................


THE TERRE HAUTE IN CLIMATE NORMALS FOR TODAY
                         NORMAL
 MAXIMUM TEMPERATURE (F)   71
 MINIMUM TEMPERATURE (F)   49


SUNRISE AND SUNSET
MAY  7 2015...........SUNRISE   644 AM EDT   SUNSET   848 PM EDT
MAY  8 2015...........SUNRISE   643 AM EDT   SUNSET   849 PM EDT


-  INDICATES NEGATIVE NUMBERS.
R  INDICATES RECORD WAS SET OR TIED.
MM INDICATES DATA IS MISSING.
T  INDICATES TRACE AMOUNT.




$$
