000
CDUS43 KEAX 180034
CLIIRK


CLIMATE REPORT
NATIONAL WEATHER SERVICE KANSAS CITY/PLEASANT HILL MO
734 PM CDT FRI APR 17 2015


...................................

...THE KIRKSVILLE MO CLIMATE SUMMARY FOR APRIL 17 2015...
VALID TODAY AS OF 0700 PM LOCAL TIME.

CLIMATE NORMAL PERIOD 1981 TO 2010
CLIMATE RECORD PERIOD 9999 TO 9999


WEATHER ITEM   OBSERVED TIME   NORMAL DEPARTURE LAST
                VALUE   (LST)  VALUE  FROM      YEAR
                                      NORMAL
......................................................
TEMPERATURE (F)
 TODAY
  MAXIMUM         80    139 PM  63     17       53
  MINIMUM         51    513 AM  41     10       34
  AVERAGE         66            52     14       44

PRECIPITATION (IN)
  TODAY            0.00          0.14  -0.14     0.00
  MONTH TO DATE    1.70          1.73  -0.03     1.25
  SINCE MAR 1      2.52          4.28  -1.76     2.32
  SINCE JAN 1      4.57          7.08  -2.51     5.87

DEGREE DAYS
 HEATING
  TODAY            0            13    -13       21
  MONTH TO DATE  135           263   -128      299
  SINCE MAR 1    821          1017   -196     1201
  SINCE JUL 1   5500          5550    -50     6171

 COOLING
  TODAY            1             0      1        0
  MONTH TO DATE    1             0      1        1
  SINCE MAR 1      2             0      2        1
  SINCE JAN 1      2             0      2        1
......................................................


WIND (MPH)
  HIGHEST WIND SPEED    13   HIGHEST WIND DIRECTION     S (190)
  HIGHEST GUST SPEED    18   HIGHEST GUST DIRECTION    SE (150)
  AVERAGE WIND SPEED     5.7


SKY COVER
  AVERAGE SKY COVER 0.2


WEATHER CONDITIONS
 THE FOLLOWING WEATHER WAS RECORDED TODAY.
  FOG


RELATIVE HUMIDITY (PERCENT)
 HIGHEST    93           100 AM
 LOWEST     45           200 PM
 AVERAGE    69

..........................................................


THE KIRKSVILLE MO CLIMATE NORMALS FOR TOMORROW
                         NORMAL
 MAXIMUM TEMPERATURE (F)   64
 MINIMUM TEMPERATURE (F)   42


SUNRISE AND SUNSET
APRIL 17 2015.........SUNRISE   630 AM CDT   SUNSET   751 PM CDT
APRIL 18 2015.........SUNRISE   628 AM CDT   SUNSET   752 PM CDT


-  INDICATES NEGATIVE NUMBERS.
R  INDICATES RECORD WAS SET OR TIED.
MM INDICATES DATA IS MISSING.
T  INDICATES TRACE AMOUNT.




$$
