000
CDUS43 KBIS 060732
CLIISN


CLIMATE REPORT
NATIONAL WEATHER SERVICE BISMARCK ND
230 AM CDT WED MAY 6 2015


...................................

...THE WILLISTON ND CLIMATE SUMMARY FOR MAY 5 2015...

CLIMATE NORMAL PERIOD 1981 TO 2010
CLIMATE RECORD PERIOD 1894 TO 2015


WEATHER ITEM   OBSERVED TIME   RECORD YEAR NORMAL DEPARTURE LAST
                VALUE   (LST)  VALUE       VALUE  FROM      YEAR
                                                  NORMAL
..................................................................
TEMPERATURE (F)
 YESTERDAY
  MAXIMUM         82    440 PM  89    1934  65     17       65
  MINIMUM         49    601 AM  21    1929  37     12       35
  AVERAGE         66                        51     15       50

PRECIPITATION (IN)
  YESTERDAY        0.00          1.39 1965   0.04  -0.04      T
  MONTH TO DATE    0.00                      0.24  -0.24     0.10
  SINCE MAR 1      0.74                      1.95  -1.21     2.13
  SINCE JAN 1      1.68                      2.93  -1.25     2.57

SNOWFALL (IN)
  YESTERDAY        0.0           0.5  2002   0.1   -0.1     MM
  MONTH TO DATE    0.0                       0.4   -0.4     MM
  SINCE MAR 1      0.0                      10.3  -10.3     MM
  SINCE JUL 1      0.0                      44.4  -44.4     MM
  SNOW DEPTH      MM

DEGREE DAYS
 HEATING
  YESTERDAY        0                        15    -15       15
  MONTH TO DATE   43                        76    -33       91
  SINCE MAR 1   1515                      1833   -318     2020
  SINCE JUL 1   8031                      8601   -570     8969

 COOLING
  YESTERDAY        1                         0      1        0
  MONTH TO DATE    1                         0      1        0
  SINCE MAR 1      1                         1      0        0
  SINCE JAN 1      1                         1      0        0
..................................................................


WIND (MPH)
  HIGHEST WIND SPEED    25   HIGHEST WIND DIRECTION     S (160)
  HIGHEST GUST SPEED    34   HIGHEST GUST DIRECTION    SE (140)
  AVERAGE WIND SPEED    11.9


SKY COVER
  POSSIBLE SUNSHINE  MM
  AVERAGE SKY COVER 0.0


WEATHER CONDITIONS
 THE FOLLOWING WEATHER WAS RECORDED YESTERDAY.
  NO SIGNIFICANT WEATHER WAS OBSERVED.


RELATIVE HUMIDITY (PERCENT)
 HIGHEST    65          1100 PM
 LOWEST     25          1200 PM
 AVERAGE    45

..........................................................


THE WILLISTON ND CLIMATE NORMALS FOR TODAY
                         NORMAL    RECORD    YEAR
 MAXIMUM TEMPERATURE (F)   65        89      1992
 MINIMUM TEMPERATURE (F)   37        17      1907


SUNRISE AND SUNSET
MAY  6 2015...........SUNRISE   628 AM CDT   SUNSET   915 PM CDT
MAY  7 2015...........SUNRISE   627 AM CDT   SUNSET   916 PM CDT


-  INDICATES NEGATIVE NUMBERS.
R  INDICATES RECORD WAS SET OR TIED.
MM INDICATES DATA IS MISSING.
T  INDICATES TRACE AMOUNT.




$$
