000
CDUS43 KBIS 010734
CLIISN


CLIMATE REPORT
NATIONAL WEATHER SERVICE BISMARCK ND
234 AM CDT WED APR 1 2015


...................................

...THE WILLISTON ND CLIMATE SUMMARY FOR MARCH 31 2015...

CLIMATE NORMAL PERIOD 1981 TO 2010
CLIMATE RECORD PERIOD 1894 TO 2015


WEATHER ITEM   OBSERVED TIME   RECORD YEAR NORMAL DEPARTURE LAST
                VALUE   (LST)  VALUE       VALUE  FROM      YEAR
                                                  NORMAL
..................................................................
TEMPERATURE (F)
 YESTERDAY
  MAXIMUM         76    512 PM  77    2004  49     27       27
  MINIMUM         29    552 AM  -8    1936  24      5       13
  AVERAGE         53                        37     16       20

PRECIPITATION (IN)
  YESTERDAY        0.00          0.46 1920   0.03  -0.03      T
  MONTH TO DATE    0.47                      0.71  -0.24     0.32
  SINCE MAR 1      0.47                      0.71  -0.24     0.32
  SINCE JAN 1      1.41                      1.69  -0.28     0.76

SNOWFALL (IN)
  YESTERDAY       MM             1.7  1908   0.2   MM       MM
  MONTH TO DATE   MM                         6.2   MM       MM
  SINCE MAR 1     MM                         6.2   MM       MM
  SINCE JUL 1     MM                        40.3   MM       MM
  SNOW DEPTH      MM

DEGREE DAYS
 HEATING
  YESTERDAY       12                        28    -16       45
  MONTH TO DATE  869                      1106   -237     1203
  SINCE MAR 1    869                      1107   -238     1203
  SINCE JUL 1   7385                      7875   -490     8152

 COOLING
  YESTERDAY        0                         0      0        0
  MONTH TO DATE    0                         0      0        0
  SINCE MAR 1      0                         0      0        0
  SINCE JAN 1      0                         0      0        0
..................................................................


WIND (MPH)
  HIGHEST WIND SPEED    18   HIGHEST WIND DIRECTION    SE (140)
  HIGHEST GUST SPEED    26   HIGHEST GUST DIRECTION    SE (140)
  AVERAGE WIND SPEED     5.1


SKY COVER
  POSSIBLE SUNSHINE  MM
  AVERAGE SKY COVER 0.0


WEATHER CONDITIONS
 THE FOLLOWING WEATHER WAS RECORDED YESTERDAY.
  NO SIGNIFICANT WEATHER WAS OBSERVED.


RELATIVE HUMIDITY (PERCENT)
 HIGHEST    92           600 AM
 LOWEST     19           500 PM
 AVERAGE    56

..........................................................


THE WILLISTON ND CLIMATE NORMALS FOR TODAY
                         NORMAL    RECORD    YEAR
 MAXIMUM TEMPERATURE (F)   50        75      2012
 MINIMUM TEMPERATURE (F)   25       -14      1975


SUNRISE AND SUNSET
APRIL  1 2015.........SUNRISE   733 AM CDT   SUNSET   825 PM CDT
APRIL  2 2015.........SUNRISE   731 AM CDT   SUNSET   826 PM CDT


-  INDICATES NEGATIVE NUMBERS.
R  INDICATES RECORD WAS SET OR TIED.
MM INDICATES DATA IS MISSING.
T  INDICATES TRACE AMOUNT.




$$
