000
CDUS45 KBOI 240933
CLIJER


CLIMATE REPORT
NATIONAL WEATHER SERVICE BOISE ID
333 AM MDT FRI APR 24 2015


...................................

...THE JEROME ID CLIMATE SUMMARY FOR APRIL 23 2015...

CLIMATE NORMAL PERIOD 1981 TO 2010
CLIMATE RECORD PERIOD 1919 TO 2015


WEATHER ITEM   OBSERVED TIME   RECORD YEAR NORMAL DEPARTURE LAST
                VALUE   (LST)  VALUE       VALUE  FROM      YEAR
                                                  NORMAL
..................................................................
TEMPERATURE (F)
 YESTERDAY
  MAXIMUM         66    434 PM  87    2012  60      6       54
  MINIMUM         41    630 AM  24    1968  36      5       31
  AVERAGE         54                        48      6       43

PRECIPITATION (IN)
  YESTERDAY        T             0.45 2007   0.04  -0.04     0.00
  MONTH TO DATE    0.14                      1.01  -0.87     0.28
  SINCE OCT 1      4.88                      7.55  -2.67     4.53
  SINCE JAN 1      1.98                      4.03  -2.05     3.93

DEGREE DAYS
 HEATING
  YESTERDAY       11                        17     -6       22
  MONTH TO DATE  408                       437    -29      382
  SINCE MAR 1    963                      1206   -243     1082
  SINCE JUL 1   5005                      6093  -1088     5750

 COOLING
  YESTERDAY        0                         0      0        0
  MONTH TO DATE    0                         0      0        0
  SINCE MAR 1      0                         0      0        0
  SINCE JAN 1      0                         0      0        0
..................................................................


WIND (MPH)
  HIGHEST WIND SPEED    22   HIGHEST WIND DIRECTION    SW (240)
  HIGHEST GUST SPEED    27   HIGHEST GUST DIRECTION    SW (240)
  AVERAGE WIND SPEED    12.2


SKY COVER
  AVERAGE SKY COVER 0.3


WEATHER CONDITIONS
 THE FOLLOWING WEATHER WAS RECORDED YESTERDAY.
  NO SIGNIFICANT WEATHER WAS OBSERVED.


RELATIVE HUMIDITY (PERCENT)
 HIGHEST    61          1100 PM
 LOWEST     10           400 PM
 AVERAGE    36

..........................................................


THE JEROME ID CLIMATE NORMALS FOR TODAY
                         NORMAL    RECORD    YEAR
 MAXIMUM TEMPERATURE (F)   61        88      1977
 MINIMUM TEMPERATURE (F)   36        17      1950


SUNRISE AND SUNSET
APRIL 24 2015.........SUNRISE   643 AM MDT   SUNSET   830 PM MDT
APRIL 25 2015.........SUNRISE   641 AM MDT   SUNSET   831 PM MDT


-  INDICATES NEGATIVE NUMBERS.
R  INDICATES RECORD WAS SET OR TIED.
MM INDICATES DATA IS MISSING.
T  INDICATES TRACE AMOUNT.




$$
