000
CDUS43 KBIS 060732
CLIJMS


CLIMATE REPORT
NATIONAL WEATHER SERVICE BISMARCK ND
230 AM CDT WED MAY 6 2015


...................................

...THE JAMESTOWN ND CLIMATE SUMMARY FOR MAY 5 2015...

CLIMATE NORMAL PERIOD 1981 TO 2010
CLIMATE RECORD PERIOD 1891 TO 2015


WEATHER ITEM   OBSERVED TIME   RECORD YEAR NORMAL DEPARTURE LAST
                VALUE   (LST)  VALUE       VALUE  FROM      YEAR
                                                  NORMAL
..................................................................
TEMPERATURE (F)
 YESTERDAY
  MAXIMUM         78    415 PM  96    1926  65     13       60
  MINIMUM         43    342 AM  20    1944  38      5       37
  AVERAGE         61                        51     10       49

PRECIPITATION (IN)
  YESTERDAY        0.00          2.06 1999   0.07  -0.07     0.00
  MONTH TO DATE    T                         0.36  -0.36      T
  SINCE MAR 1      0.99                      2.40  -1.41     2.67
  SINCE JAN 1      1.41                      3.25  -1.84     3.06

DEGREE DAYS
 HEATING
  YESTERDAY        4                        14    -10       16
  MONTH TO DATE   39                        73    -34       96
  SINCE MAR 1   1626                      1908   -282     2148
  SINCE JUL 1   8363                      8667   -304     9416

 COOLING
  YESTERDAY        0                         0      0        0
  MONTH TO DATE    0                         0      0        0
  SINCE MAR 1      0                         2     -2        0
  SINCE JAN 1      0                         2     -2        0
..................................................................


WIND (MPH)
  HIGHEST WIND SPEED    26   HIGHEST WIND DIRECTION    SE (150)
  HIGHEST GUST SPEED    35   HIGHEST GUST DIRECTION    SE (150)
  AVERAGE WIND SPEED    15.3


SKY COVER
  POSSIBLE SUNSHINE  MM
  AVERAGE SKY COVER 0.2


WEATHER CONDITIONS
 THE FOLLOWING WEATHER WAS RECORDED YESTERDAY.
  NO SIGNIFICANT WEATHER WAS OBSERVED.


RELATIVE HUMIDITY (PERCENT)
 HIGHEST    72          1100 PM
 LOWEST     13           300 PM
 AVERAGE    43

..........................................................


THE JAMESTOWN ND CLIMATE NORMALS FOR TODAY
                         NORMAL    RECORD    YEAR
 MAXIMUM TEMPERATURE (F)   65        89      1934
 MINIMUM TEMPERATURE (F)   39        20      1929


SUNRISE AND SUNSET
MAY  6 2015...........SUNRISE   612 AM CDT   SUNSET   851 PM CDT
MAY  7 2015...........SUNRISE   611 AM CDT   SUNSET   853 PM CDT


-  INDICATES NEGATIVE NUMBERS.
R  INDICATES RECORD WAS SET OR TIED.
MM INDICATES DATA IS MISSING.
T  INDICATES TRACE AMOUNT.




$$
