000
CDAK47 PAJK 020246
CLIJNU
AKZ025-021400-
CLIMATE REPORT
NATIONAL WEATHER SERVICE JUNEAU, AK
646 PM AKDT WED APR 1 2015


...................................

...THE JUNEAU CLIMATE SUMMARY FOR APRIL 1 2015...
VALID TODAY AS OF 0300 PM LOCAL TIME.

CLIMATE NORMAL PERIOD 1981 TO 2010
CLIMATE RECORD PERIOD 1943 TO 2015


WEATHER ITEM   OBSERVED TIME   RECORD YEAR NORMAL DEPARTURE LAST
                VALUE   (LST)  VALUE       VALUE  FROM      YEAR
                                                  NORMAL
..................................................................
TEMPERATURE (F)
 TODAY
  MAXIMUM         44    259 PM  56    1958  44      0       42
  MINIMUM         39    536 AM  14    1948  31      8       28
  AVERAGE         42                        37      5       35

PRECIPITATION (IN)
  TODAY            0.14          1.81 1997   0.10   0.04     0.00
  MONTH TO DATE    0.14                      0.10   0.04     0.00
  SINCE MAR 1      4.66                      3.88   0.78     3.45
  SINCE JAN 1     20.26                     13.36   6.90    15.58

SNOWFALL (IN)
  TODAY            0.0           3.8  1963   0.1   -0.1      0.0
  MONTH TO DATE    0.0                       0.1   -0.1      0.0
  SINCE MAR 1      9.9                      11.7   -1.8      6.0
  SINCE JUL 1     48.6                      85.7  -37.1     96.8

DEGREE DAYS
 HEATING
  TODAY           23                        28     -5       30
  MONTH TO DATE   23                        28     -5       30
  SINCE MAR 1    880                       995   -115     1062
  SINCE JUL 1   6101                      6832   -731     6703

 COOLING
  TODAY            0                         0      0        0
  MONTH TO DATE    0                         0      0        0
  SINCE MAR 1      0                         0      0        0
  SINCE JAN 1      0                         0      0        0
..................................................................


WIND (MPH)
  HIGHEST WIND SPEED    21   HIGHEST WIND DIRECTION    SE (130)
  HIGHEST GUST SPEED    24   HIGHEST GUST DIRECTION    SE (120)
  AVERAGE WIND SPEED    10.2


SKY COVER
  POSSIBLE SUNSHINE  MM
  AVERAGE SKY COVER 1.0


WEATHER CONDITIONS
 THE FOLLOWING WEATHER WAS RECORDED TODAY.
  LIGHT RAIN
  FOG


RELATIVE HUMIDITY (PERCENT)
 HIGHEST    92           200 AM
 LOWEST     83           100 PM
 AVERAGE    88

..........................................................


THE JUNEAU CLIMATE NORMALS FOR TOMORROW
                         NORMAL    RECORD    YEAR
 MAXIMUM TEMPERATURE (F)   44        58      1980
 MINIMUM TEMPERATURE (F)   31         7      1948


SUNRISE AND SUNSET
APRIL  1 2015.........SUNRISE   626 AM AKDT  SUNSET   740 PM AKDT
APRIL  2 2015.........SUNRISE   623 AM AKDT  SUNSET   742 PM AKDT


-  INDICATES NEGATIVE NUMBERS.
R  INDICATES RECORD WAS SET OR TIED.
MM INDICATES DATA IS MISSING.
T  INDICATES TRACE AMOUNT.




$$


&&
----------------------------
AMOUNT OF DAYLIGHT TODAY  (HOUR:MIN)........13:14
GAIN/LOSS SINCE YESTERDAY (HOUR:MIN:SEC)....+0:05:06
