000
CDAK47 PAJK 070033
CLIJNU
AKZ025-071200-
CLIMATE REPORT
NATIONAL WEATHER SERVICE JUNEAU, AK
431 PM AKDT WED MAY 6 2015


...................................

...THE JUNEAU CLIMATE SUMMARY FOR MAY 6 2015...
VALID TODAY AS OF 0300 PM LOCAL TIME.

CLIMATE NORMAL PERIOD 1981 TO 2010
CLIMATE RECORD PERIOD 1943 TO 2015


WEATHER ITEM   OBSERVED TIME   RECORD YEAR NORMAL DEPARTURE LAST
                VALUE   (LST)  VALUE       VALUE  FROM      YEAR
                                                  NORMAL
..................................................................
TEMPERATURE (F)
 TODAY
  MAXIMUM         57    259 PM  75    1981  54      3       57
  MINIMUM         34    337 AM  26    1957  38     -4       39
  AVERAGE         46                        46      0       48

PRECIPITATION (IN)
  TODAY            0.00          1.10 1965   0.10  -0.10     0.00
  MONTH TO DATE    0.24                      0.62  -0.38     0.00
  SINCE MAR 1     11.94                      7.34   4.60     6.12
  SINCE JAN 1     27.54                     16.82  10.72    18.25

DEGREE DAYS
 HEATING
  TODAY           19                        19      0       17
  MONTH TO DATE  110                       118     -8       81
  SINCE MAR 1   1654                      1809   -155     1824
  SINCE JUL 1   6875                      7646   -771     7465

 COOLING
  TODAY            0                         0      0        0
  MONTH TO DATE    0                         0      0        0
  SINCE MAR 1      0                         0      0        0
  SINCE JAN 1      0                         0      0        0
..................................................................


WIND (MPH)
  HIGHEST WIND SPEED    14   HIGHEST WIND DIRECTION    SW (240)
  HIGHEST GUST SPEED    22   HIGHEST GUST DIRECTION    SW (240)
  AVERAGE WIND SPEED     4.6


SKY COVER
  POSSIBLE SUNSHINE  MM
  AVERAGE SKY COVER 0.9


WEATHER CONDITIONS
 THE FOLLOWING WEATHER WAS RECORDED TODAY.
  NO SIGNIFICANT WEATHER WAS OBSERVED.


RELATIVE HUMIDITY (PERCENT)
 HIGHEST    82           200 AM
 LOWEST     43          1200 PM
 AVERAGE    63

..........................................................


THE JUNEAU CLIMATE NORMALS FOR TOMORROW
                         NORMAL    RECORD    YEAR
 MAXIMUM TEMPERATURE (F)   54        76      1981
 MINIMUM TEMPERATURE (F)   38        27      1949


SUNRISE AND SUNSET
MAY  6 2015...........SUNRISE   452 AM AKDT  SUNSET   859 PM AKDT
MAY  7 2015...........SUNRISE   450 AM AKDT  SUNSET   901 PM AKDT


-  INDICATES NEGATIVE NUMBERS.
R  INDICATES RECORD WAS SET OR TIED.
MM INDICATES DATA IS MISSING.
T  INDICATES TRACE AMOUNT.




$$


&&
----------------------------
AMOUNT OF DAYLIGHT TODAY  (HOUR:MIN)........16:07
GAIN/LOSS SINCE YESTERDAY (HOUR:MIN:SEC)....+0:04:38
