000
CDUS41 KCTP 042127
CLIJST


CLIMATE REPORT
NATIONAL WEATHER SERVICE STATE COLLEGE PA
526 PM EDT MON MAY 4 2015


...................................

...THE JOHNSTOWN CLIMATE SUMMARY FOR MAY 4 2015...
VALID TODAY AS OF 0500 PM LOCAL TIME.

CLIMATE NORMAL PERIOD 1981 TO 2010
CLIMATE RECORD PERIOD 2000 TO 2015


WEATHER ITEM   OBSERVED TIME   RECORD YEAR NORMAL DEPARTURE LAST
                VALUE   (LST)  VALUE       VALUE  FROM      YEAR
                                                  NORMAL
..................................................................
TEMPERATURE (F)
 TODAY
  MAXIMUM         77    347 PM  91    1895  63     14       54
  MINIMUM         55    356 AM  27    1957  44     11       39
  AVERAGE         66                        54     12       47

PRECIPITATION (IN)
  TODAY            0.00          0.99 1921   0.13  -0.13     0.01
  MONTH TO DATE    0.06                      0.47  -0.41     0.16
  SINCE MAR 1      8.52                      7.35   1.17     5.90
  SINCE JAN 1     11.92                     12.58  -0.66     9.94

DEGREE DAYS
 HEATING
  TODAY            0                        12    -12       18
  MONTH TO DATE   23                        49    -26       65
  SINCE MAR 1   1479                      1500    -21     1695
  SINCE JUL 1   6668                      6380    288     7023

 COOLING
  TODAY            1                         0      1        0
  MONTH TO DATE    1                         0      1        0
  SINCE MAR 1      1                         5     -4        4
  SINCE JAN 1      1                         5     -4        4
..................................................................


WIND (MPH)
  HIGHEST WIND SPEED    20   HIGHEST WIND DIRECTION    SW (240)
  HIGHEST GUST SPEED    28   HIGHEST GUST DIRECTION     W (250)
  AVERAGE WIND SPEED     8.5


SKY COVER
  POSSIBLE SUNSHINE  MM
  AVERAGE SKY COVER 0.0


WEATHER CONDITIONS
 THE FOLLOWING WEATHER WAS RECORDED TODAY.
  NO SIGNIFICANT WEATHER WAS OBSERVED.


RELATIVE HUMIDITY (PERCENT)
 HIGHEST    47           400 AM
 LOWEST     27          1100 AM
 AVERAGE    37

..........................................................


THE JOHNSTOWN CLIMATE NORMALS FOR TOMORROW
                         NORMAL    RECORD    YEAR
 MAXIMUM TEMPERATURE (F)   64        93      1895
 MINIMUM TEMPERATURE (F)   44        27      1957


SUNRISE AND SUNSET
MAY  4 2015...........SUNRISE   611 AM EDT   SUNSET   813 PM EDT
MAY  5 2015...........SUNRISE   610 AM EDT   SUNSET   814 PM EDT


-  INDICATES NEGATIVE NUMBERS.
R  INDICATES RECORD WAS SET OR TIED.
MM INDICATES DATA IS MISSING.
T  INDICATES TRACE AMOUNT.




$$
