000
CDUS45 KCYS 062126
CLILAR


CLIMATE REPORT
NATIONAL WEATHER SERVICE CHEYENNE WY
326 PM MDT WED MAY 6 2015


...................................

...THE LARAMIE WY AIRPORT CLIMATE SUMMARY FOR MAY 6 2015...
VALID AS OF 0300 PM LOCAL TIME.

CLIMATE NORMAL PERIOD 1981 TO 2010
CLIMATE RECORD PERIOD 1948 TO 2015


WEATHER ITEM   OBSERVED TIME   RECORD YEAR NORMAL DEPARTURE LAST
                VALUE   (LST)  VALUE       VALUE  FROM      YEAR
                                                  NORMAL
..................................................................
TEMPERATURE (F)
 TODAY
  MAXIMUM         56    106 PM  82    1966  58     -2       69
  MINIMUM         40    319 AM  15    1982  31      9       32
  AVERAGE         48                        44      4       51

PRECIPITATION (IN)
  TODAY            0.08          0.36 2010   0.04   0.04     0.00
  MONTH TO DATE    0.10                      0.27  -0.17     0.00
  SINCE JAN 1      2.79                      2.53   0.26     2.53

DEGREE DAYS
 HEATING
  TODAY           17                        21     -4       14
  MONTH TO DATE   90                       129    -39      100
  SINCE MAR 1   1752                      2002   -250     1891
  SINCE JUL 1   7429                      8178   -749     7935

 COOLING
  TODAY            0                         0      0        0
  MONTH TO DATE    0                         0      0        0
  SINCE MAR 1      0                         0      0        0
  SINCE JAN 1      0                         0      0        0
..................................................................


WIND (MPH)
  HIGHEST WIND SPEED    21   HIGHEST WIND DIRECTION     N (360)
  HIGHEST GUST SPEED    25   HIGHEST GUST DIRECTION     N (350)
  AVERAGE WIND SPEED     6.9


SKY COVER
  AVERAGE SKY COVER 0.7


WEATHER CONDITIONS
 THE FOLLOWING WEATHER WAS RECORDED TODAY.
  THUNDERSTORM
  HEAVY RAIN


RELATIVE HUMIDITY (PERCENT)
 HIGHEST    96           600 AM
 LOWEST     61           100 PM
 AVERAGE    79

..........................................................


THE LARAMIE WY AIRPORT CLIMATE NORMALS FOR TOMORROW
                         NORMAL    RECORD    YEAR
 MAXIMUM TEMPERATURE (F)   59        75      2004
                                             1963
 MINIMUM TEMPERATURE (F)   31        19      2010


SUNRISE AND SUNSET
MAY  6 2015...........SUNRISE   554 AM MDT   SUNSET   805 PM MDT
MAY  7 2015...........SUNRISE   553 AM MDT   SUNSET   806 PM MDT


-  INDICATES NEGATIVE NUMBERS.
R  INDICATES RECORD WAS SET OR TIED.
MM INDICATES DATA IS MISSING.
T  INDICATES TRACE AMOUNT.




$$
