000
CDUS43 KLMK 020640
CLILEX


CLIMATE REPORT
NATIONAL WEATHER SERVICE LOUISVILLE KY
240 AM EDT THU APR 2 2015


...................................

...THE LEXINGTON KY CLIMATE SUMMARY FOR APRIL 1 2015...

CLIMATE NORMAL PERIOD 1981 TO 2010
CLIMATE RECORD PERIOD 1872 TO 2015


WEATHER ITEM   OBSERVED TIME   RECORD YEAR NORMAL DEPARTURE LAST
                VALUE   (LST)  VALUE       VALUE  FROM      YEAR
                                                  NORMAL
..................................................................
TEMPERATURE (F)
 YESTERDAY
  MAXIMUM         66    448 PM  82    1963  61      5       79
  MINIMUM         34    638 AM  20    1923  40     -6       54
  AVERAGE         50                        51     -1       67

PRECIPITATION (IN)
  YESTERDAY        0.00          1.80 1970   0.12  -0.12     0.00
  MONTH TO DATE    0.00                      0.12  -0.12     0.00
  SINCE MAR 1      7.46                      4.19   3.27     2.89
  SINCE JAN 1     12.31                     10.59   1.72     9.93

SNOWFALL (IN)
  YESTERDAY        0.0           2.9  1961   0.0    0.0      0.0
  MONTH TO DATE    0.0                       0.0    0.0      0.0
  SINCE MAR 1     17.1                       1.4   15.7      7.5
  SINCE JUL 1     40.0                      12.7   27.3     26.8
  SNOW DEPTH       0

DEGREE DAYS
 HEATING
  YESTERDAY       15                        15      0        0
  MONTH TO DATE   15                        15      0        0
  SINCE MAR 1    664                       620     44      716
  SINCE JUL 1   4642                      4191    451     4559

 COOLING
  YESTERDAY        0                         0      0        2
  MONTH TO DATE    0                         0      0        2
  SINCE MAR 1      0                         2     -2        2
  SINCE JAN 1      0                         2     -2        2
..................................................................


WIND (MPH)
  HIGHEST WIND SPEED    13   HIGHEST WIND DIRECTION     E (110)
  HIGHEST GUST SPEED    18   HIGHEST GUST DIRECTION    SE (120)
  AVERAGE WIND SPEED     6.1


SKY COVER
  POSSIBLE SUNSHINE  MM
  AVERAGE SKY COVER 0.0


WEATHER CONDITIONS
 THE FOLLOWING WEATHER WAS RECORDED YESTERDAY.
  FOG
  HAZE


RELATIVE HUMIDITY (PERCENT)
 HIGHEST    89           700 AM
 LOWEST     22           400 PM
 AVERAGE    56

..........................................................


THE LEXINGTON KY CLIMATE NORMALS FOR TODAY
                         NORMAL    RECORD    YEAR
 MAXIMUM TEMPERATURE (F)   61        84      1946
                                             1940
 MINIMUM TEMPERATURE (F)   41        23      1907


SUNRISE AND SUNSET
APRIL  2 2015.........SUNRISE   722 AM EDT   SUNSET   802 PM EDT
APRIL  3 2015.........SUNRISE   721 AM EDT   SUNSET   803 PM EDT


-  INDICATES NEGATIVE NUMBERS.
R  INDICATES RECORD WAS SET OR TIED.
MM INDICATES DATA IS MISSING.
T  INDICATES TRACE AMOUNT.




$$
