000
CDUS45 KPIH 042321
CLILLJ


CLIMATE REPORT
NATIONAL WEATHER SERVICE POCATELLO ID
520 PM MDT MON MAY 4 2015


...................................

...THE CHALLIS ID CLIMATE SUMMARY FOR MAY 4 2015...
VALID TODAY AS OF 0500 PM LOCAL TIME.

CLIMATE NORMAL PERIOD 1981 TO 2010
CLIMATE RECORD PERIOD 1898 TO 2015


WEATHER ITEM   OBSERVED TIME   RECORD YEAR NORMAL DEPARTURE LAST
                VALUE   (LST)  VALUE       VALUE  FROM      YEAR
                                                  NORMAL
..................................................................
TEMPERATURE (F)
 TODAY
  MAXIMUM         73    241 PM  88    1966  63     10       64
  MINIMUM         38    602 AM  17    1915  34      4       38
  AVERAGE         56                        48      8       51

PRECIPITATION (IN)
  TODAY            T             0.57 1993   0.04  -0.04      T
  MONTH TO DATE    T                         0.14  -0.14      T
  SINCE OCT 1      3.04                      4.73  -1.69     3.37
  SINCE JAN 1      1.25                      2.80  -1.55     2.64

SNOWFALL (IN)
  TODAY           MM
  MONTH TO DATE   MM
  SINCE MAR 1     MM
  SINCE JUL 1     MM
  SNOW DEPTH      MM

DEGREE DAYS
 HEATING
  TODAY            9                        17     -8       14
  MONTH TO DATE   37                        69    -32       42
  SINCE MAR 1   1361                      1611   -250     1530
  SINCE JUL 1   6499                      7660  -1161     7279

 COOLING
  TODAY            0                         0      0        0
  MONTH TO DATE    0                         0      0        0
  SINCE MAR 1      0                         0      0        0
  SINCE JAN 1      0                         0      0        0
..................................................................


WIND (MPH)
  HIGHEST WIND SPEED    23   HIGHEST WIND DIRECTION    NW (300)
  HIGHEST GUST SPEED    31   HIGHEST GUST DIRECTION    NW (310)
  AVERAGE WIND SPEED     2.7


SKY COVER
  POSSIBLE SUNSHINE  MM
  AVERAGE SKY COVER 0.3


WEATHER CONDITIONS
 THE FOLLOWING WEATHER WAS RECORDED TODAY.
  LIGHT RAIN


RELATIVE HUMIDITY (PERCENT)
 HIGHEST    65           600 AM
 LOWEST     19           100 PM
 AVERAGE    42

..........................................................


THE CHALLIS ID CLIMATE NORMALS FOR TOMORROW
                         NORMAL    RECORD    YEAR
 MAXIMUM TEMPERATURE (F)   63        87      1966
 MINIMUM TEMPERATURE (F)   35        15      1915


SUNRISE AND SUNSET
MAY  4 2015...........SUNRISE   623 AM MDT   SUNSET   845 PM MDT
MAY  5 2015...........SUNRISE   622 AM MDT   SUNSET   846 PM MDT


-  INDICATES NEGATIVE NUMBERS.
R  INDICATES RECORD WAS SET OR TIED.
MM INDICATES DATA IS MISSING.
T  INDICATES TRACE AMOUNT.




$$
