000
CDUS45 KRIW 070736
CLILND


CLIMATE REPORT
NATIONAL WEATHER SERVICE RIVERTON WY
136 AM MDT THU MAY 7 2015


...................................

...THE LANDER WY CLIMATE SUMMARY FOR MAY 6 2015...

CLIMATE NORMAL PERIOD 1981 TO 2010
CLIMATE RECORD PERIOD 1891 TO 2015


WEATHER ITEM   OBSERVED TIME   RECORD YEAR NORMAL DEPARTURE LAST
                VALUE   (LST)  VALUE       VALUE  FROM      YEAR
                                                  NORMAL
..................................................................
TEMPERATURE (F)
 YESTERDAY
  MAXIMUM         54    230 PM  85    1992  63     -9       62
  MINIMUM         41   1159 PM  19    1917  37      4       38
                                      1909
  AVERAGE         48                        50     -2       50

PRECIPITATION (IN)
  YESTERDAY        0.57          0.88 1978   0.07   0.50     0.18
  MONTH TO DATE    0.57                      0.45   0.12     0.18
  SINCE MAR 1      3.43                      3.48  -0.05     2.06
  SINCE JAN 1      4.99                      4.47   0.52     2.86

SNOWFALL (IN)
  YESTERDAY        0.0                       0.3   -0.3      0.0
  MONTH TO DATE    0.0                       2.0   -2.0      0.0
  SINCE MAR 1     19.2                      34.9  -15.7     18.2
  SINCE JUL 1     73.1                      88.5  -15.4     73.5
  SNOW DEPTH       0

DEGREE DAYS
 HEATING
  YESTERDAY       17                        15      2       15
  MONTH TO DATE   57                        94    -37       53
  SINCE MAR 1   1415                      1644   -229     1569
  SINCE JUL 1   6539                      7348   -809     7305

 COOLING
  YESTERDAY        0                         0      0        0
  MONTH TO DATE    0                         0      0        2
  SINCE MAR 1      0                         0      0        2
  SINCE JAN 1      0                         0      0        2
..................................................................


WIND (MPH)
  HIGHEST WIND SPEED    17   HIGHEST WIND DIRECTION    NE (50)
  HIGHEST GUST SPEED    21   HIGHEST GUST DIRECTION     N (10)
  AVERAGE WIND SPEED     6.6


SKY COVER
  POSSIBLE SUNSHINE  MM
  AVERAGE SKY COVER 0.9


WEATHER CONDITIONS
 THE FOLLOWING WEATHER WAS RECORDED YESTERDAY.
  LIGHT RAIN
  FOG


RELATIVE HUMIDITY (PERCENT)
 HIGHEST    96          1000 PM
 LOWEST     80          1100 AM
 AVERAGE    88

..........................................................


THE LANDER WY CLIMATE NORMALS FOR TODAY
                         NORMAL    RECORD    YEAR
 MAXIMUM TEMPERATURE (F)   64        85      1934
 MINIMUM TEMPERATURE (F)   38        19      2010


SUNRISE AND SUNSET
MAY  7 2015...........SUNRISE   602 AM MDT   SUNSET   822 PM MDT
MAY  8 2015...........SUNRISE   600 AM MDT   SUNSET   823 PM MDT


-  INDICATES NEGATIVE NUMBERS.
R  INDICATES RECORD WAS SET OR TIED.
MM INDICATES DATA IS MISSING.
T  INDICATES TRACE AMOUNT.




$$
