000
CDUS43 KJKL 060554
CLILOZ

CLIMATE REPORT
NATIONAL WEATHER SERVICE JACKSON KY
136 AM EDT WED MAY 6 2015

...................................

...THE LONDON KY CLIMATE SUMMARY FOR MAY 5 2015...

CLIMATE NORMAL PERIOD 1981 TO 2010
CLIMATE RECORD PERIOD 1954 TO 2015

WEATHER ITEM   OBSERVED TIME   RECORD YEAR NORMAL DEPARTURE LAST
                VALUE   (LST)  VALUE       VALUE  FROM      YEAR
                                                  NORMAL
..................................................................
TEMPERATURE (F)
 YESTERDAY
  MAXIMUM         84    305 PM  90    1959  74     10       86
  MINIMUM         55    630 AM  33    2011  50      5       52
                                      1957
  AVERAGE         70                        62      8       69

PRECIPITATION (IN)
  YESTERDAY        0.00          1.51 2013   0.16  -0.16     0.00
  MONTH TO DATE    T                         0.78  -0.78      T
  SINCE MAR 1     10.88                      8.88   2.00    10.25
  SINCE JAN 1     18.35                     16.13   2.22    16.76

SNOWFALL (IN)
  YESTERDAY       MM
  MONTH TO DATE   MM
  SINCE MAR 1     MM
  SINCE JUL 1     MM
  SNOW DEPTH      MM

DEGREE DAYS
 HEATING
  YESTERDAY        0                         4     -4        0
  MONTH TO DATE   20                        24     -4       29
  SINCE MAR 1    738                       849   -111      859
  SINCE JUL 1   4359                      4125    234     4366

 COOLING
  YESTERDAY        5                         1      4        4
  MONTH TO DATE    7                         5      2        4
  SINCE MAR 1     30                        31     -1       29
  SINCE JAN 1     30                        31     -1       29
..................................................................

WIND (MPH)
  HIGHEST WIND SPEED     9   HIGHEST WIND DIRECTION    SW (210)
  HIGHEST GUST SPEED    13   HIGHEST GUST DIRECTION     S (180)
  AVERAGE WIND SPEED     1.3

SKY COVER
  POSSIBLE SUNSHINE  MM
  AVERAGE SKY COVER 0.0

WEATHER CONDITIONS
 THE FOLLOWING WEATHER WAS RECORDED YESTERDAY.
  HAZE

RELATIVE HUMIDITY (PERCENT)
 HIGHEST    86           400 AM
 LOWEST     28           200 PM
 AVERAGE    57
..........................................................

THE LONDON KY CLIMATE NORMALS FOR TODAY
                         NORMAL    RECORD    YEAR
 MAXIMUM TEMPERATURE (F)   74        88      1959
 MINIMUM TEMPERATURE (F)   51        31      1968

SUNRISE AND SUNSET
MAY  6 2015...........SUNRISE   637 AM EDT   SUNSET   830 PM EDT
MAY  7 2015...........SUNRISE   636 AM EDT   SUNSET   831 PM EDT

-  INDICATES NEGATIVE NUMBERS.
R  INDICATES RECORD WAS SET OR TIED.
MM INDICATES DATA IS MISSING.
T  INDICATES TRACE AMOUNT.

$$

SHALLENBERGER
