000
CDUS44 KCRP 192143
CLILRD

CLIMATE REPORT
NATIONAL WEATHER SERVICE CORPUS CHRISTI TX
438 PM CDT SUN APR 19 2015


...................................

...THE LAREDO CLIMATE SUMMARY FOR APRIL 19 2015...
VALID TODAY AS OF 400 PM LOCAL TIME.

CLIMATE NORMAL PERIOD 1981 TO 2010
CLIMATE RECORD PERIOD 1900 TO 2015


WEATHER ITEM   OBSERVED TIME   RECORD YEAR NORMAL DEPARTURE LAST
                VALUE   (LST)  VALUE       VALUE  FROM      YEAR
                                                  NORMAL
..................................................................
TEMPERATURE (F)
 TODAY
  MAXIMUM         84    336 PM 106    2011  88     -4       81
  MINIMUM         65    648 AM  43    1921  65      0       65
  AVERAGE         75                        77     -2       73

PRECIPITATION (IN)
  TODAY            0.00          0.38 1967   0.05  -0.05     0.00
  MONTH TO DATE    4.25                      0.77   3.48     0.03
  SINCE MAR 1      6.82                      1.89   4.93     1.11
  SINCE JAN 1      7.70                      3.73   3.97     1.32

SNOWFALL (IN)
  TODAY            0.0
  MONTH TO DATE    0.0
  SINCE MAR 1      0.0
  SINCE JUL 1      0.0

DEGREE DAYS
 HEATING
  TODAY            0                         0      0        0
  MONTH TO DATE    0                        12    -12        5
  SINCE MAR 1    128                        81     47      104
  SINCE JUL 1   1063                       925    138     1095

 COOLING
  TODAY           10                        12     -2        8
  MONTH TO DATE  204                       197      7      195
  SINCE MAR 1    295                       370    -75      331
  SINCE JAN 1    343                       455   -112      443
..................................................................


WIND (MPH)
  HIGHEST WIND SPEED     8   HIGHEST WIND DIRECTION     E (110)
  HIGHEST GUST SPEED     9   HIGHEST GUST DIRECTION     E (110)


SKY COVER
  POSSIBLE SUNSHINE  MM
  AVERAGE SKY COVER 0.2


WEATHER CONDITIONS
 THE FOLLOWING WEATHER WAS RECORDED TODAY.
  FOG


RELATIVE HUMIDITY (PERCENT)
 HIGHEST   100           400 AM
 LOWEST     56           200 PM
 AVERAGE    78

..........................................................


THE LAREDO CLIMATE NORMALS FOR TOMORROW
                         NORMAL    RECORD    YEAR
 MAXIMUM TEMPERATURE (F)   89       109      1984
 MINIMUM TEMPERATURE (F)   66        50      1901


SUNRISE AND SUNSET
APRIL 19 2015.........SUNRISE   710 AM CDT   SUNSET   805 PM CDT
APRIL 20 2015.........SUNRISE   709 AM CDT   SUNSET   805 PM CDT


-  INDICATES NEGATIVE NUMBERS.
R  INDICATES RECORD WAS SET OR TIED.
MM INDICATES DATA IS MISSING.
T  INDICATES TRACE AMOUNT.




$$
