000
CDUS45 KBYZ 062227
CLILVM


CLIMATE REPORT
NATIONAL WEATHER SERVICE BILLINGS MT
424 PM MDT WED MAY 6 2015


...................................

...THE LIVINGSTON MT CLIMATE SUMMARY FOR MAY 6 2015...
VALID TODAY AS OF 0400 PM LOCAL TIME.

CLIMATE NORMAL PERIOD 1981 TO 2010
CLIMATE RECORD PERIOD 1948 TO 2015


WEATHER ITEM   OBSERVED TIME   RECORD YEAR NORMAL DEPARTURE LAST
                VALUE   (LST)  VALUE       VALUE  FROM      YEAR
                                                  NORMAL
..................................................................
TEMPERATURE (F)
 TODAY
  MAXIMUM         57    234 PM  88    1966  62     -5       48
  MINIMUM         45    939 AM  21    1986  34     11       34
  AVERAGE         51                        48      3       41

PRECIPITATION (IN)
  TODAY            0.01          1.77        0.07  -0.06     0.52
  MONTH TO DATE    0.02                      0.43  -0.41     0.53
  SINCE OCT 1      4.50                      6.40  -1.90     7.54
  SINCE JAN 1      2.71                      4.03  -1.32     5.25

DEGREE DAYS
 HEATING
  TODAY           14                        17     -3       24
  MONTH TO DATE   69                       108    -39       91
  SINCE MAR 1   1297                      1708   -411     1624
  SINCE JUL 1   5911                      7056  -1145     6867

 COOLING
  TODAY            0                         0      0        0
  MONTH TO DATE    0                         0      0        0
  SINCE MAR 1      0                         0      0        0
  SINCE JAN 1      0                         0      0        0
..................................................................


WIND (MPH)
  HIGHEST WIND SPEED    20   HIGHEST WIND DIRECTION     N (340)
  HIGHEST GUST SPEED    24   HIGHEST GUST DIRECTION    NW (330)
  AVERAGE WIND SPEED     7.7


SKY COVER
  POSSIBLE SUNSHINE  MM
  AVERAGE SKY COVER 1.0


WEATHER CONDITIONS
 THE FOLLOWING WEATHER WAS RECORDED TODAY.
  LIGHT RAIN


RELATIVE HUMIDITY (PERCENT)
 HIGHEST    77           500 AM
 LOWEST     47           300 PM
 AVERAGE    62

..........................................................


THE LIVINGSTON MT CLIMATE NORMALS FOR TOMORROW
                         NORMAL    RECORD    YEAR
 MAXIMUM TEMPERATURE (F)   62        84      1992
 MINIMUM TEMPERATURE (F)   34        22      2010


SUNRISE AND SUNSET
MAY  6 2015...........SUNRISE   602 AM MDT   SUNSET   835 PM MDT
MAY  7 2015...........SUNRISE   601 AM MDT   SUNSET   836 PM MDT


-  INDICATES NEGATIVE NUMBERS.
R  INDICATES RECORD WAS SET OR TIED.
MM INDICATES DATA IS MISSING.
T  INDICATES TRACE AMOUNT.






&&

THIS IS AN AUTOMATED...UNATTENDED WEATHER STATION AND MAY
UNDERESTIMATE WINTER PRECIPITATION.

$$
