000
CDUS45 KTFX 270934
CLILWT


CLIMATE REPORT
NATIONAL WEATHER SERVICE GREAT FALLS MT
333 AM MDT MON APR 27 2015


...................................

...THE LEWISTOWN MT CLIMATE SUMMARY FOR APRIL 26 2015...

CLIMATE NORMAL PERIOD 1981 TO 2010
CLIMATE RECORD PERIOD 1896 TO 2015


WEATHER ITEM   OBSERVED TIME   RECORD YEAR NORMAL DEPARTURE LAST
                VALUE   (LST)  VALUE       VALUE  FROM      YEAR
                                                  NORMAL
..................................................................
TEMPERATURE (F)
 YESTERDAY
  MAXIMUM         39    256 PM  86    1910  57    -18       47
  MINIMUM         31   1159 PM  17    1988  32     -1       31
  AVERAGE         35                        44     -9       39

PRECIPITATION (IN)
  YESTERDAY        0.01          1.04 1899   0.05  -0.04     0.17
  MONTH TO DATE    1.58                      1.17   0.41     0.80
  SINCE OCT 1      6.19                      5.67   0.52     5.63
  SINCE JAN 1      3.88                      3.17   0.71     3.55

SNOWFALL (IN)
  YESTERDAY       MM
  SNOW DEPTH       0

DEGREE DAYS
 HEATING
  YESTERDAY       30                        21      9       26
  MONTH TO DATE  584                       628    -44      623
  SINCE MAR 1   1277                      1623   -346     1740
  SINCE JUL 1   6475                      7427   -952     7796

 COOLING
  YESTERDAY        0                         0      0        0
  MONTH TO DATE    0                         0      0        0
  SINCE MAR 1      0                         0      0        0
  SINCE JAN 1      0                         0      0        0
..................................................................


WIND (MPH)
  HIGHEST WIND SPEED    14   HIGHEST WIND DIRECTION     W (290)
  HIGHEST GUST SPEED    18   HIGHEST GUST DIRECTION    NW (300)
  AVERAGE WIND SPEED     6.3


SKY COVER
  AVERAGE SKY COVER 0.9


WEATHER CONDITIONS
 THE FOLLOWING WEATHER WAS RECORDED YESTERDAY.
  LIGHT SNOW
  FOG


RELATIVE HUMIDITY (PERCENT)
 HIGHEST    89           100 AM
 LOWEST     70           200 PM
 AVERAGE    80

..........................................................


THE LEWISTOWN MT CLIMATE NORMALS FOR TODAY
                         NORMAL    RECORD    YEAR
 MAXIMUM TEMPERATURE (F)   57        82      1987
 MINIMUM TEMPERATURE (F)   32        15      1994


SUNRISE AND SUNSET
APRIL 27 2015.........SUNRISE   609 AM MDT   SUNSET   823 PM MDT
APRIL 28 2015.........SUNRISE   607 AM MDT   SUNSET   824 PM MDT


-  INDICATES NEGATIVE NUMBERS.
R  INDICATES RECORD WAS SET OR TIED.
MM INDICATES DATA IS MISSING.
T  INDICATES TRACE AMOUNT.




$$
