000
CDUS43 KDTX 050537
CLIMBS


CLIMATE REPORT
NATIONAL WEATHER SERVICE DETROIT/PONTIAC MI
137 AM EDT TUE MAY 5 2015


...................................

...THE TRI CITIES MI CLIMATE SUMMARY FOR MAY 4 2015...

CLIMATE NORMAL PERIOD 1981 TO 2010
CLIMATE RECORD PERIOD 1898 TO 2015


WEATHER ITEM   OBSERVED TIME   NORMAL DEPARTURE LAST
                VALUE   (LST)  VALUE  FROM      YEAR
                                      NORMAL
......................................................
TEMPERATURE (F)
 YESTERDAY
  MAXIMUM         77    529 PM  64     13       56
  MINIMUM         53   1159 PM  42     11       40
  AVERAGE         65            53     12

PRECIPITATION (IN)
  YESTERDAY        0.05          0.10  -0.05
  MONTH TO DATE    0.05          0.42  -0.37
  SINCE MAR 1      3.24          5.37  -2.13
  SINCE JAN 1      5.35          8.69  -3.34

SNOWFALL (IN)
  YESTERDAY        0.0
  MONTH TO DATE    0.0
  SINCE MAR 1      6.1
  SINCE JUL 1     38.0
  SNOW DEPTH       0

DEGREE DAYS
 HEATING
  YESTERDAY        0                  -12
  MONTH TO DATE   12                  -39
  SINCE MAR 1   1552                  -40
  SINCE JUL 1   6913                  222

 COOLING
  YESTERDAY        0                    0
  MONTH TO DATE    2                    2
  SINCE MAR 1      2                   -2
  SINCE JAN 1      2                   -2
......................................................


WIND (MPH)
  HIGHEST WIND SPEED    20   HIGHEST WIND DIRECTION    SW (230)
  HIGHEST GUST SPEED    25   HIGHEST GUST DIRECTION    SW (240)
  AVERAGE WIND SPEED    10.1



WEATHER CONDITIONS
 THE FOLLOWING WEATHER WAS RECORDED YESTERDAY.
  LIGHT RAIN


RELATIVE HUMIDITY (PERCENT)
 HIGHEST    90
 LOWEST     33
 AVERAGE    62

..........................................................


THE TRI CITIES MI CLIMATE NORMALS FOR TODAY
                         NORMAL
 MAXIMUM TEMPERATURE (F)   64
 MINIMUM TEMPERATURE (F)   43


SUNRISE AND SUNSET
MAY  5 2015...........SUNRISE   624 AM EDT   SUNSET   843 PM EDT
MAY  6 2015...........SUNRISE   623 AM EDT   SUNSET   844 PM EDT


-  INDICATES NEGATIVE NUMBERS.
R  INDICATES RECORD WAS SET OR TIED.
MM INDICATES DATA IS MISSING.
T  INDICATES TRACE AMOUNT.




$$
