000
CDUS46 KHNX 180821
CLIMCE


CLIMATE REPORT
NATIONAL WEATHER SERVICE SAN JOAQUIN VALLEY, CA
120 AM PDT SAT APR 18 2015


...................................

...THE MERCED  CA CLIMATE SUMMARY FOR APRIL 17 2015...

CLIMATE NORMAL PERIOD 1981 TO 2010
CLIMATE RECORD PERIOD 1998 TO 2015


WEATHER ITEM   OBSERVED TIME   RECORD YEAR NORMAL DEPARTURE
                VALUE   (LST)  VALUE       VALUE  FROM
                                                  NORMAL
...............................................................
TEMPERATURE (F)
 YESTERDAY
  MAXIMUM         84    427 PM  86    2014  74     10
                                      1999
  MINIMUM         45    546 AM  41    2009  45      0
  AVERAGE         65                        59      6

PRECIPITATION (IN)
  YESTERDAY        0.00          1.94 2000   0.03  -0.03
  MONTH TO DATE    0.36                      0.56  -0.20
  SINCE OCT 1      6.37                     11.09  -4.72
  SINCE JAN 1      1.62                      7.58  -5.96

SNOWFALL (IN)
  YESTERDAY        0.0
  MONTH TO DATE    0.0
  SINCE MAR 1      0.0
  SINCE JUL 1      0.0
  SNOW DEPTH       0

DEGREE DAYS
 HEATING
  YESTERDAY        0
  MONTH TO DATE  114
  SINCE MAR 1    244
  SINCE JUL 1   1708

 COOLING
  YESTERDAY        0
  MONTH TO DATE    0
  SINCE MAR 1     14
  SINCE JAN 1     14
...............................................................


WIND (MPH)
  HIGHEST WIND SPEED    14   HIGHEST WIND DIRECTION     N (10)
  HIGHEST GUST SPEED    20   HIGHEST GUST DIRECTION     N (340)
  AVERAGE WIND SPEED     5.2




RELATIVE HUMIDITY (PERCENT)
 HIGHEST    70
 LOWEST     13
 AVERAGE    42

..........................................................


THE MERCED  CA CLIMATE NORMALS FOR TODAY
                         NORMAL    RECORD    YEAR
 MAXIMUM TEMPERATURE (F)   74        87      2008
 MINIMUM TEMPERATURE (F)   45        36      2002


SUNRISE AND SUNSET
APRIL 18 2015.........SUNRISE   624 AM PDT   SUNSET   740 PM PDT
APRIL 19 2015.........SUNRISE   623 AM PDT   SUNSET   741 PM PDT


-  INDICATES NEGATIVE NUMBERS.
R  INDICATES RECORD WAS SET OR TIED.
MM INDICATES DATA IS MISSING.
T  INDICATES TRACE AMOUNT.




$$
