000
CDUS42 KFFC 040819
CLIMCN


CLIMATE REPORT
NATIONAL WEATHER SERVICE PEACHTREE CITY GA
418 AM EDT MON MAY 4 2015


...................................

...THE MACON CLIMATE SUMMARY FOR MAY 3 2015...

CLIMATE NORMAL PERIOD 1981 TO 2010
CLIMATE RECORD PERIOD 1899 TO 2015


WEATHER ITEM   OBSERVED TIME   RECORD YEAR NORMAL DEPARTURE LAST
                VALUE   (LST)  VALUE       VALUE  FROM      YEAR
                                                  NORMAL
..................................................................
TEMPERATURE (F)
 YESTERDAY
  MAXIMUM         81    235 PM  93    1959  81      0       78
                                      1951
                                      1902
  MINIMUM         48    622 AM  42    1995  55     -7       49
  AVERAGE         65                        68     -3       64

PRECIPITATION (IN)
  YESTERDAY        0.00          2.00 2010   0.08  -0.08     0.00
  MONTH TO DATE    0.00                      0.23  -0.23     0.02
  SINCE MAR 1      8.55                      7.74   0.81    11.41
  SINCE JAN 1     15.35                     16.34  -0.99    19.24

DEGREE DAYS
 HEATING
  YESTERDAY        0                         1     -1        1
  MONTH TO DATE    6                         3      3        7
  SINCE MAR 1    258                       385   -127      482
  SINCE JUL 1   2471                      2310    161     2615

 COOLING
  YESTERDAY        0                         4     -4        0
  MONTH TO DATE    0                        12    -12        0
  SINCE MAR 1    124                        93     31       52
  SINCE JAN 1    124                        96     28       53
..................................................................


WIND (MPH)
  RESULTANT WIND SPEED   1   RESULTANT WIND DIRECTION   S (160)
  HIGHEST WIND SPEED     9   HIGHEST WIND DIRECTION    SE (140)
  HIGHEST GUST SPEED    14   HIGHEST GUST DIRECTION     S (180)
  AVERAGE WIND SPEED     2.3


SKY COVER
  AVERAGE SKY COVER 0.2


WEATHER CONDITIONS
 THE FOLLOWING WEATHER WAS RECORDED YESTERDAY.
  FOG
  HAZE


RELATIVE HUMIDITY (PERCENT)
 HIGHEST   100           100 AM
 LOWEST     35           200 PM
 AVERAGE    68

..........................................................


THE MACON CLIMATE NORMALS FOR TODAY
                         NORMAL    RECORD    YEAR
 MAXIMUM TEMPERATURE (F)   82        93      1955
                                             1950
                                             1902
 MINIMUM TEMPERATURE (F)   55        40      1971


SUNRISE AND SUNSET
MAY  4 2015...........SUNRISE   645 AM EDT   SUNSET   818 PM EDT
MAY  5 2015...........SUNRISE   644 AM EDT   SUNSET   819 PM EDT


-  INDICATES NEGATIVE NUMBERS.
R  INDICATES RECORD WAS SET OR TIED.
MM INDICATES DATA IS MISSING.
T  INDICATES TRACE AMOUNT.




$$
