000
CDUS43 KDMX 180630 RRA
CLIMCW

CLIMATE REPORT
NATIONAL WEATHER SERVICE DES MOINES IA
127 AM CDT SAT APR 18 2015


...................................

...THE MASON CITY IA CLIMATE SUMMARY FOR APRIL 17 2015...

CLIMATE NORMAL PERIOD 1981 TO 2010
CLIMATE RECORD PERIOD 1893 TO 2015


WEATHER ITEM   OBSERVED TIME   RECORD YEAR NORMAL DEPARTURE LAST
                VALUE   (LST)  VALUE       VALUE  FROM      YEAR
                                                  NORMAL
..................................................................
TEMPERATURE (F)
 YESTERDAY
  MAXIMUM         78    325 PM  88    1985  59     19       42
  MINIMUM         44    536 AM  18    1907  36      8       25
  AVERAGE         61                        47     14       34

PRECIPITATION (IN)
  YESTERDAY        0.00          1.25 1976   0.13  -0.13     0.00
  MONTH TO DATE    2.37                      1.98   0.39     1.75
  SINCE MAR 1      3.44                      4.21  -0.77     2.96
  SINCE JAN 1      5.51                      6.03  -0.52     5.98

SNOWFALL (IN)
  YESTERDAY        0.0           5.0  1939   0.1   -0.1      0.0
  MONTH TO DATE    0.6                       2.0   -1.4      5.0
  SINCE MAR 1      4.2                       8.0   -3.8     11.9
  SINCE JUL 1     40.0                      40.5   -0.5     58.0
  SNOW DEPTH       0

DEGREE DAYS
 HEATING
  YESTERDAY        4                        18    -14       31
  MONTH TO DATE  273                       363    -90      403
  SINCE MAR 1   1194                      1357   -163     1598
  SINCE JUL 1   7257                      7208     49     8144

 COOLING
  YESTERDAY        0                         0      0        0
  MONTH TO DATE    0                         0      0        0
  SINCE MAR 1      0                         0      0        0
  SINCE JAN 1      0                         0      0        0
..................................................................


WIND (MPH)
  HIGHEST WIND SPEED    12   HIGHEST WIND DIRECTION     N (340)
  HIGHEST GUST SPEED    14   HIGHEST GUST DIRECTION     N (360)
  AVERAGE WIND SPEED     5.5


SKY COVER
  POSSIBLE SUNSHINE  MM
  AVERAGE SKY COVER 0.1


WEATHER CONDITIONS
 THE FOLLOWING WEATHER WAS RECORDED YESTERDAY.
  FOG
  HAZE


RELATIVE HUMIDITY (PERCENT)
 HIGHEST    93           300 AM
 LOWEST     31           100 PM
 AVERAGE    62

..........................................................


THE MASON CITY IA CLIMATE NORMALS FOR TODAY
                         NORMAL    RECORD    YEAR
 MAXIMUM TEMPERATURE (F)   60        93      1985
 MINIMUM TEMPERATURE (F)   36        18      1953


SUNRISE AND SUNSET
APRIL 18 2015.........SUNRISE   627 AM CDT   SUNSET   759 PM CDT
APRIL 19 2015.........SUNRISE   625 AM CDT   SUNSET   800 PM CDT


-  INDICATES NEGATIVE NUMBERS.
R  INDICATES RECORD WAS SET OR TIED.
MM INDICATES DATA IS MISSING.
T  INDICATES TRACE AMOUNT.




$$
