000
CDUS43 KLOT 020647
CLIMDW


CLIMATE REPORT
NATIONAL WEATHER SERVICE CHICAGO IL
147 AM CDT THU APR 2 2015


...................................

...THE CHICAGO-MIDWAY CLIMATE SUMMARY FOR APRIL 1 2015...

CLIMATE NORMAL PERIOD 1981 TO 2010
CLIMATE RECORD PERIOD 1928 TO 2015


WEATHER ITEM   OBSERVED TIME   RECORD YEAR NORMAL DEPARTURE LAST
                VALUE   (LST)  VALUE       VALUE  FROM      YEAR
                                                  NORMAL
..................................................................
TEMPERATURE (F)
 YESTERDAY
  MAXIMUM         74    424 PM  82    2010  53     21       57
                                      1946
  MINIMUM         41    601 AM  24    1954  36      5       34
  AVERAGE         58                        45     13       46

PRECIPITATION (IN)
  YESTERDAY        0.00          1.58 1967   0.11  -0.11     0.00
  MONTH TO DATE    0.00                      0.11  -0.11     0.00
  SINCE MAR 1      0.48                      2.83  -2.35     1.09
  SINCE JAN 1      1.82                      6.83  -5.01     3.58

DEGREE DAYS
 HEATING
  YESTERDAY        7                        20    -13       19
  MONTH TO DATE    7                        20    -13       19
  SINCE MAR 1    833                       832      1     1016
  SINCE JUL 1   5555                      5343    212     6218

 COOLING
  YESTERDAY        0                         0      0        0
  MONTH TO DATE    0                         0      0        0
  SINCE MAR 1      0                         1     -1        0
  SINCE JAN 1      0                         1     -1        0
..................................................................


WIND (MPH)
  RESULTANT WIND SPEED  11   RESULTANT WIND DIRECTION   S (190)
  HIGHEST WIND SPEED    22   HIGHEST WIND DIRECTION     S (180)
  HIGHEST GUST SPEED    31   HIGHEST GUST DIRECTION     S (200)
  AVERAGE WIND SPEED    11.7



WEATHER CONDITIONS
 THE FOLLOWING WEATHER WAS RECORDED YESTERDAY.
  HAZE


..........................................................


THE CHICAGO-MIDWAY CLIMATE NORMALS FOR TODAY
                         NORMAL    RECORD    YEAR
 MAXIMUM TEMPERATURE (F)   54        82      1963
 MINIMUM TEMPERATURE (F)   37        22      1961


SUNRISE AND SUNSET
APRIL  2 2015.........SUNRISE   633 AM CDT   SUNSET   717 PM CDT
APRIL  3 2015.........SUNRISE   631 AM CDT   SUNSET   718 PM CDT


-  INDICATES NEGATIVE NUMBERS.
R  INDICATES RECORD WAS SET OR TIED.
MM INDICATES DATA IS MISSING.
T  INDICATES TRACE AMOUNT.




$$
