000
CDUS44 KMEG 250633
CLIMEG


CLIMATE REPORT
NATIONAL WEATHER SERVICE MEMPHIS TN
132 AM CDT SAT APR 25 2015


...................................

...THE MEMPHIS/GERMANTOWN WFO CLIMATE SUMMARY FOR APRIL 24 2015...

CLIMATE NORMAL PERIOD 1981 TO 2010
CLIMATE RECORD PERIOD 1988 TO 2015


WEATHER ITEM   OBSERVED TIME   RECORD YEAR NORMAL DEPARTURE LAST
                VALUE   (LST)  VALUE       VALUE  FROM      YEAR
                                                  NORMAL
..................................................................
TEMPERATURE (F)
 YESTERDAY
  MAXIMUM         68    100 PM  88    2006  75     -7       83
  MINIMUM         49    600 AM  39    2005  52     -3       47
  AVERAGE         59                        63     -4       65

PRECIPITATION (IN)
  YESTERDAY        1.02          2.97 2010   0.19   0.83     0.81
  MONTH TO DATE    3.27                      4.21  -0.94     3.72
  SINCE MAR 1      9.93                      9.16   0.77     9.76
  SINCE JAN 1     16.01                     17.79  -1.78    18.38

SNOWFALL (IN)
  YESTERDAY        0.0          MM      MM   0.0    0.0      0.0
  MONTH TO DATE    0.0                       0.0    0.0      0.0
  SINCE MAR 1      4.1                       0.8    3.3      0.3
  SINCE JUL 1      6.3                       2.4    3.9      0.8
  SNOW DEPTH       0

DEGREE DAYS
 HEATING
  YESTERDAY        6                         4      2        0
  MONTH TO DATE   78                       169    -91      144
  SINCE MAR 1    499                       605   -106      666
  SINCE JUL 1   3406                      3351     55     3670

 COOLING
  YESTERDAY        0                         2     -2        0
  MONTH TO DATE   69                        38     31       39
  SINCE MAR 1     72                        49     23       41
  SINCE JAN 1     72                        50     22       41
..................................................................







THE MEMPHIS/GERMANTOWN WFO CLIMATE NORMALS FOR TODAY
                         NORMAL    RECORD    YEAR
 MAXIMUM TEMPERATURE (F)   75        87      1990
 MINIMUM TEMPERATURE (F)   52        36      2013


SUNRISE AND SUNSET
APRIL 25 2015.........SUNRISE   615 AM CDT   SUNSET   740 PM CDT
APRIL 26 2015.........SUNRISE   614 AM CDT   SUNSET   741 PM CDT


-  INDICATES NEGATIVE NUMBERS.
R  INDICATES RECORD WAS SET OR TIED.
MM INDICATES DATA IS MISSING.
T  INDICATES TRACE AMOUNT.




$$
