000
CDUS44 KBRO 060852
CLIMFE


CLIMATE REPORT
NATIONAL WEATHER SERVICE BROWNSVILLE TX
352 AM CDT WED MAY 6 2015


...................................

...THE MCALLEN CLIMATE SUMMARY FOR MAY 5 2015...

CLIMATE NORMAL PERIOD 1981 TO 2010
CLIMATE RECORD PERIOD 1941 TO 2015


WEATHER ITEM   OBSERVED TIME   RECORD YEAR NORMAL DEPARTURE LAST
                VALUE   (LST)  VALUE       VALUE  FROM      YEAR
                                                  NORMAL
..................................................................
TEMPERATURE (F)
 YESTERDAY
  MAXIMUM         87    331 PM 106    1999  90     -3       87
  MINIMUM         76    648 AM  51    1970  70      6       63
  AVERAGE         82                        80      2

PRECIPITATION (IN)
  YESTERDAY        0.00          1.02 1991   0.08  -0.08     0.00
  MONTH TO DATE    T                         0.34  -0.34      T
  SINCE MAR 1      5.98                      2.71   3.27     1.20
  SINCE JAN 1      6.57                      4.87   1.70     2.08

SNOWFALL (IN)
  YESTERDAY        0.0
  MONTH TO DATE    0.0
  SINCE MAR 1      0.0
  SINCE JUL 1      0.0

DEGREE DAYS
 HEATING
  YESTERDAY        0                         0      0        0
  MONTH TO DATE    0                         0      0        0
  SINCE MAR 1     66                        46     20      107
  SINCE JUL 1    756                       579    177      883

 COOLING
  YESTERDAY       17                        15      2       10
  MONTH TO DATE   68                        72     -4       36
  SINCE MAR 1    664                       644     20      521
  SINCE JAN 1    749                       803    -54      649
..................................................................


WIND (MPH)
  HIGHEST WIND SPEED    24   HIGHEST WIND DIRECTION    SE (130)
  HIGHEST GUST SPEED    31   HIGHEST GUST DIRECTION    SE (150)
  AVERAGE WIND SPEED    16.0



WEATHER CONDITIONS
 THE FOLLOWING WEATHER WAS RECORDED YESTERDAY.
  NO SIGNIFICANT WEATHER WAS OBSERVED.


RELATIVE HUMIDITY (PERCENT)
 HIGHEST    87
 LOWEST     59
 AVERAGE    73

..........................................................


THE MCALLEN CLIMATE NORMALS FOR TODAY
                         NORMAL    RECORD    YEAR
 MAXIMUM TEMPERATURE (F)   90        99      2009
 MINIMUM TEMPERATURE (F)   70        50      1944
                                             1970


SUNRISE AND SUNSET
MAY  6 2015...........SUNRISE   652 AM CDT   SUNSET   807 PM CDT
MAY  7 2015...........SUNRISE   651 AM CDT   SUNSET   808 PM CDT


-  INDICATES NEGATIVE NUMBERS.
R  INDICATES RECORD WAS SET OR TIED.
MM INDICATES DATA IS MISSING.
T  INDICATES TRACE AMOUNT.




$$
